Last updated on 2023-01-26 10:54:48 CET.
Flavor | Version | Tinstall | Tcheck | Ttotal | Status | Flags |
---|---|---|---|---|---|---|
r-devel-linux-x86_64-debian-clang | 0.11.0 | 2.97 | 44.25 | 47.22 | OK | |
r-devel-linux-x86_64-debian-gcc | 0.11.0 | 2.06 | 32.80 | 34.86 | OK | |
r-devel-linux-x86_64-fedora-clang | 0.11.0 | 57.04 | OK | |||
r-devel-linux-x86_64-fedora-gcc | 0.11.0 | 67.05 | OK | |||
r-patched-linux-x86_64 | 0.11.0 | 3.32 | 42.69 | 46.01 | OK | |
r-release-linux-x86_64 | 0.11.0 | 3.09 | 40.53 | 43.62 | OK | |
r-release-macos-arm64 | 0.11.0 | 21.00 | OK | |||
r-release-macos-x86_64 | 0.11.0 | 30.00 | OK | |||
r-release-windows-x86_64 | 0.11.0 | 31.00 | 75.00 | 106.00 | WARN | |
r-oldrel-macos-arm64 | 0.11.0 | 33.00 | OK | |||
r-oldrel-macos-x86_64 | 0.11.0 | 36.00 | OK | |||
r-oldrel-windows-ix86+x86_64 | 0.11.0 | 7.00 | 75.00 | 82.00 | OK |
Version: 0.11.0
Check: R files for syntax errors
Result: WARN
Warnings in file 'R/replace_special_characters_internal.R':
unable to translate '<U+00C4>' to native encoding
unable to translate '<U+00D6>' to native encoding
unable to translate '<U+00DC>' to native encoding
unable to translate '<U+00E4>' to native encoding
unable to translate '<U+00F6>' to native encoding
unable to translate '<U+00FC>' to native encoding
unable to translate '<U+00DF>' to native encoding
unable to translate '<U+00C6>' to native encoding
unable to translate '<U+00E6>' to native encoding
unable to translate '<U+00D8>' to native encoding
unable to translate '<U+00F8>' to native encoding
unable to translate '<U+00C5>' to native encoding
unable to translate '<U+00E5>' to native encoding
unable to translate '<U+00C6>' to native encoding
unable to translate '<U+00E6>' to native encoding
unable to translate '<U+00D8>' to native encoding
unable to translate '<U+00F8>' to native encoding
unable to translate '<U+00C6>' to native encoding
unable to translate '<U+00E6>' to native encoding
unable to translate '<U+00D8>' to native encoding
unable to translate '<U+00F8>' to native encoding
unable to translate '<U+00C5>' to native encoding
unable to translate '<U+00E5>' to native encoding
Flavor: r-release-windows-x86_64