CRAN Package Check Results for Package smile

Last updated on 2022-12-08 10:53:32 CET.

Flavor Version Tinstall Tcheck Ttotal Status Flags
r-devel-linux-x86_64-debian-clang 1.0.4.1 59.77 156.40 216.17 OK
r-devel-linux-x86_64-debian-gcc 1.0.4.1 47.28 125.90 173.18 OK
r-devel-linux-x86_64-fedora-clang 1.0.4.1 301.01 NOTE
r-devel-linux-x86_64-fedora-gcc 1.0.4.1 289.43 OK
r-devel-windows-x86_64 1.0.4.1 75.00 230.00 305.00 NOTE
r-patched-linux-x86_64 1.0.4.1 51.50 146.36 197.86 OK
r-release-linux-x86_64 1.0.4.1 51.75 136.15 187.90 OK
r-release-macos-arm64 1.0.4.1 74.00 NOTE
r-release-macos-x86_64 1.0.4.1 110.00 NOTE
r-release-windows-x86_64 1.0.4.1 77.00 207.00 284.00 NOTE
r-oldrel-macos-arm64 1.0.4.1 78.00 NOTE
r-oldrel-macos-x86_64 1.0.4.1 106.00 NOTE
r-oldrel-windows-ix86+x86_64 1.0.4.1 140.00 231.00 371.00 NOTE

Check Details

Version: 1.0.4.1
Check: installed package size
Result: NOTE
     installed size is 5.8Mb
     sub-directories of 1Mb or more:
     data 4.7Mb
Flavors: r-devel-linux-x86_64-fedora-clang, r-devel-windows-x86_64, r-release-macos-arm64, r-release-macos-x86_64, r-release-windows-x86_64, r-oldrel-macos-arm64, r-oldrel-macos-x86_64, r-oldrel-windows-ix86+x86_64