CRAN Package Check Results for Package smartsnp

Last updated on 2022-07-06 10:54:43 CEST.

Flavor Version Tinstall Tcheck Ttotal Status Flags
r-devel-linux-x86_64-debian-clang 1.1.0 28.52 65.89 94.41 NOTE
r-devel-linux-x86_64-debian-gcc 1.1.0 23.91 48.51 72.42 NOTE
r-devel-linux-x86_64-fedora-clang 1.1.0 137.68 NOTE
r-devel-linux-x86_64-fedora-gcc 1.1.0 128.88 NOTE
r-devel-windows-x86_64 1.1.0 41.00 114.00 155.00 NOTE
r-patched-linux-x86_64 1.1.0 28.42 62.47 90.89 NOTE
r-release-linux-x86_64 1.1.0 25.68 61.89 87.57 NOTE
r-release-macos-arm64 1.1.0 40.00 NOTE
r-release-macos-x86_64 1.1.0 55.00 NOTE
r-release-windows-x86_64 1.1.0 38.00 120.00 158.00 NOTE
r-oldrel-macos-arm64 1.1.0 41.00 NOTE
r-oldrel-macos-x86_64 1.1.0 61.00 NOTE
r-oldrel-windows-ix86+x86_64 1.1.0 85.00 129.00 214.00 NOTE

Check Details

Version: 1.1.0
Check: LazyData
Result: NOTE
     'LazyData' is specified without a 'data' directory
Flavors: r-devel-linux-x86_64-debian-clang, r-devel-linux-x86_64-debian-gcc, r-devel-linux-x86_64-fedora-clang, r-devel-linux-x86_64-fedora-gcc, r-devel-windows-x86_64, r-patched-linux-x86_64, r-release-linux-x86_64, r-release-macos-arm64, r-release-macos-x86_64, r-release-windows-x86_64, r-oldrel-macos-arm64, r-oldrel-macos-x86_64, r-oldrel-windows-ix86+x86_64