CRAN Package Check Results for Package skyscapeR

Last updated on 2022-11-26 10:00:53 CET.

Flavor Version Tinstall Tcheck Ttotal Status Flags
r-devel-linux-x86_64-debian-clang 1.0.0 18.21 323.64 341.85 OK
r-devel-linux-x86_64-debian-gcc 1.0.0 15.18 239.46 254.64 OK
r-devel-linux-x86_64-fedora-clang 1.0.0 450.54 NOTE
r-devel-linux-x86_64-fedora-gcc 1.0.0 411.64 NOTE
r-devel-windows-x86_64 1.0.0 55.00 217.00 272.00 ERROR
r-patched-linux-x86_64 1.0.0 OK
r-release-linux-x86_64 1.0.0 15.40 313.12 328.52 OK
r-release-macos-arm64 1.0.0 311.00 NOTE
r-release-macos-x86_64 1.0.0 398.00 NOTE
r-release-windows-x86_64 1.0.0 49.00 580.00 629.00 OK
r-oldrel-macos-arm64 1.0.0 278.00 NOTE
r-oldrel-macos-x86_64 1.0.0 351.00 NOTE
r-oldrel-windows-ix86+x86_64 1.0.0 40.00 603.00 643.00 OK

Check Details

Version: 1.0.0
Check: dependencies in R code
Result: NOTE
    Namespaces in Imports field not imported from:
     ‘numDeriv’ ‘png’
     All declared Imports should be used.
Flavors: r-devel-linux-x86_64-fedora-clang, r-devel-linux-x86_64-fedora-gcc, r-release-macos-arm64, r-release-macos-x86_64, r-oldrel-macos-arm64, r-oldrel-macos-x86_64

Version: 1.0.0
Check: examples
Result: ERROR
    Running examples in 'skyscapeR-Ex.R' failed
    The error most likely occurred in:
    
    > ### Name: hor2alt
    > ### Title: Retrieves horizon altitude for a given azimuth from a given
    > ### horizon profile
    > ### Aliases: hor2alt
    >
    > ### ** Examples
    >
    > hor <- downloadHWT('HIFVTBGK')
    Warning in file(con, "r") :
     URL 'http://www.heywhatsthat.com/iphone/pan.cgi?id=HIFVTBGK': Timeout of 60 seconds was reached
    Error in file(con, "r") :
     cannot open the connection to 'http://www.heywhatsthat.com/iphone/pan.cgi?id=HIFVTBGK'
    Calls: downloadHWT -> readLines -> file
    Execution halted
Flavor: r-devel-windows-x86_64

Version: 1.0.0
Check: re-building of vignette outputs
Result: ERROR
    Error(s) in re-building vignettes:
    --- re-building 'skyscapeR.Rmd' using rmarkdown
    Quitting from lines 197-199 (skyscapeR.Rmd)
    Error: processing vignette 'skyscapeR.Rmd' failed with diagnostics:
    Timeout was reached: [www.heywhatsthat.com] Connection timed out after 10007 milliseconds
    --- failed re-building 'skyscapeR.Rmd'
    
    SUMMARY: processing the following file failed:
     'skyscapeR.Rmd'
    
    Error: Vignette re-building failed.
    Execution halted
Flavor: r-devel-windows-x86_64