CRAN Package Check Results for Package sjmisc

Last updated on 2021-12-04 09:53:16 CET.

Flavor Version Tinstall Tcheck Ttotal Status Flags
r-devel-linux-x86_64-debian-clang 2.8.7 9.01 103.12 112.13 ERROR
r-devel-linux-x86_64-debian-gcc 2.8.9 6.41 80.21 86.62 OK
r-devel-linux-x86_64-fedora-clang 2.8.7 134.10 ERROR
r-devel-linux-x86_64-fedora-gcc 2.8.9 129.07 OK
r-devel-windows-x86_64-new-UL 2.8.9 19.00 113.00 132.00 OK
r-devel-windows-x86_64-new-TK 2.8.7 OK
r-devel-windows-x86_64-old 2.8.9 9.00 131.00 140.00 OK
r-patched-linux-x86_64 2.8.7 11.90 94.27 106.17 ERROR
r-release-linux-x86_64 2.8.7 8.01 91.39 99.40 ERROR
r-release-macos-arm64 2.8.7 OK
r-release-macos-x86_64 2.8.7 OK
r-release-windows-ix86+x86_64 2.8.7 13.00 138.00 151.00 ERROR
r-oldrel-macos-x86_64 2.8.7 OK
r-oldrel-windows-ix86+x86_64 2.8.7 14.00 138.00 152.00 ERROR

Check Details

Version: 2.8.7
Check: tests
Result: ERROR
     Running 'testthat.R' [15s/13s]
    Running the tests in 'tests/testthat.R' failed.
    Complete output:
     > library(testthat)
     > library(sjmisc)
     >
     > test_check("sjmisc")
     # x
    
     label frq raw.prc valid.prc cum.prc
     1 First 5 41.67 41.67 41.67
     2 Not home 3 25.00 25.00 66.67
     3 Refused 4 33.33 33.33 100.00
    
    
     # y
    
     label frq raw.prc valid.prc cum.prc
     1 A D 5 41.67 41.67 41.67
     2 An E 1 8.33 8.33 50.00
     3 The eff 6 50.00 50.00 100.00
    
    
     label frq raw.prc valid.prc cum.prc
     1 First 5 41.67 41.67 41.67
     2 Not home 3 25.00 25.00 66.67
     3 Refused 4 33.33 33.33 100.00
    
     # x
    
     label frq raw.prc valid.prc cum.prc
     1 First 5 41.67 41.67 41.67
     2 Not home 3 25.00 25.00 66.67
     3 Refused 4 33.33 33.33 100.00
    
    
     # x
    
     label frq raw.prc valid.prc cum.prc
     1 First 5 41.67 41.67 41.67
     2 Not home 3 25.00 25.00 66.67
     3 Refused 4 33.33 33.33 100.00
    
    
     # y
    
     label frq raw.prc valid.prc cum.prc
     1 A D 5 41.67 41.67 41.67
     2 An E 1 8.33 8.33 50.00
     3 The eff 6 50.00 50.00 100.00
    
    
     label frq raw.prc valid.prc cum.prc
     1 First 5 41.67 41.67 41.67
     2 Not home 3 25.00 25.00 66.67
     3 Refused 4 33.33 33.33 100.00
    
    
     iter imp variable
     1 1 SpeciesOne or more of the old values are recoded into identical new values.
     Please check if you correctly specified the recode-pattern,
     else separate multiple values with comma, e.g. rec="a,b,c=1; d,e,f=2".
     == Skipped tests ===============================================================
     * On CRAN (3)
     * empty test (8)
    
     == Failed tests ================================================================
     -- Error (test-merge_imputations.R:4:3): (code run outside of `test_that()`) ---
     <packageNotFoundError/error/condition>
     Error in `loadNamespace(x)`: there is no package called 'nnet'
     Backtrace:
     x
     1. +-mice::mice(iris) test-merge_imputations.R:4:2
     2. | \-mice:::sampler(...)
     3. | \-mice:::sampler.univ(...)
     4. | +-base::do.call(f, args = args)
     5. | \-mice::mice.impute.polyreg(...)
     6. \-base::loadNamespace(x)
     7. \-base::withRestarts(stop(cond), retry_loadNamespace = function() NULL)
     8. \-base:::withOneRestart(expr, restarts[[1L]])
     9. \-base:::doWithOneRestart(return(expr), restart)
    
     [ FAIL 1 | WARN 1 | SKIP 11 | PASS 155 ]
     Error: Test failures
     Execution halted
Flavor: r-devel-linux-x86_64-debian-clang

Version: 2.8.7
Check: tests
Result: ERROR
     Running ‘testthat.R’ [14s/22s]
    Running the tests in ‘tests/testthat.R’ failed.
    Complete output:
     > library(testthat)
     > library(sjmisc)
     >
     > test_check("sjmisc")
     # x
    
     label frq raw.prc valid.prc cum.prc
     1 First 5 41.67 41.67 41.67
     2 Not home 3 25.00 25.00 66.67
     3 Refused 4 33.33 33.33 100.00
    
    
     # y
    
     label frq raw.prc valid.prc cum.prc
     1 A D 5 41.67 41.67 41.67
     2 An E 1 8.33 8.33 50.00
     3 The eff 6 50.00 50.00 100.00
    
    
     label frq raw.prc valid.prc cum.prc
     1 First 5 41.67 41.67 41.67
     2 Not home 3 25.00 25.00 66.67
     3 Refused 4 33.33 33.33 100.00
    
     # x
    
     label frq raw.prc valid.prc cum.prc
     1 First 5 41.67 41.67 41.67
     2 Not home 3 25.00 25.00 66.67
     3 Refused 4 33.33 33.33 100.00
    
    
     # x
    
     label frq raw.prc valid.prc cum.prc
     1 First 5 41.67 41.67 41.67
     2 Not home 3 25.00 25.00 66.67
     3 Refused 4 33.33 33.33 100.00
    
    
     # y
    
     label frq raw.prc valid.prc cum.prc
     1 A D 5 41.67 41.67 41.67
     2 An E 1 8.33 8.33 50.00
     3 The eff 6 50.00 50.00 100.00
    
    
     label frq raw.prc valid.prc cum.prc
     1 First 5 41.67 41.67 41.67
     2 Not home 3 25.00 25.00 66.67
     3 Refused 4 33.33 33.33 100.00
    
    
     iter imp variable
     1 1 SpeciesOne or more of the old values are recoded into identical new values.
     Please check if you correctly specified the recode-pattern,
     else separate multiple values with comma, e.g. rec="a,b,c=1; d,e,f=2".
     ══ Skipped tests ═══════════════════════════════════════════════════════════════
     • On CRAN (3)
     • empty test (8)
    
     ══ Failed tests ════════════════════════════════════════════════════════════════
     ── Error (test-merge_imputations.R:4:3): (code run outside of `test_that()`) ───
     <packageNotFoundError/error/condition>
     Error in `loadNamespace(x)`: there is no package called 'nnet'
     Backtrace:
     █
     1. ├─mice::mice(iris) test-merge_imputations.R:4:2
     2. │ └─mice:::sampler(...)
     3. │ └─mice:::sampler.univ(...)
     4. │ ├─base::do.call(f, args = args)
     5. │ └─mice::mice.impute.polyreg(...)
     6. └─base::loadNamespace(x)
     7. └─base::withRestarts(stop(cond), retry_loadNamespace = function() NULL)
     8. └─base:::withOneRestart(expr, restarts[[1L]])
     9. └─base:::doWithOneRestart(return(expr), restart)
    
     [ FAIL 1 | WARN 1 | SKIP 11 | PASS 155 ]
     Error: Test failures
     Execution halted
Flavor: r-devel-linux-x86_64-fedora-clang

Version: 2.8.7
Check: tests
Result: ERROR
     Running ‘testthat.R’ [13s/15s]
    Running the tests in ‘tests/testthat.R’ failed.
    Complete output:
     > library(testthat)
     > library(sjmisc)
     >
     > test_check("sjmisc")
     # x
    
     label frq raw.prc valid.prc cum.prc
     1 First 5 41.67 41.67 41.67
     2 Not home 3 25.00 25.00 66.67
     3 Refused 4 33.33 33.33 100.00
    
    
     # y
    
     label frq raw.prc valid.prc cum.prc
     1 A D 5 41.67 41.67 41.67
     2 An E 1 8.33 8.33 50.00
     3 The eff 6 50.00 50.00 100.00
    
    
     label frq raw.prc valid.prc cum.prc
     1 First 5 41.67 41.67 41.67
     2 Not home 3 25.00 25.00 66.67
     3 Refused 4 33.33 33.33 100.00
    
     # x
    
     label frq raw.prc valid.prc cum.prc
     1 First 5 41.67 41.67 41.67
     2 Not home 3 25.00 25.00 66.67
     3 Refused 4 33.33 33.33 100.00
    
    
     # x
    
     label frq raw.prc valid.prc cum.prc
     1 First 5 41.67 41.67 41.67
     2 Not home 3 25.00 25.00 66.67
     3 Refused 4 33.33 33.33 100.00
    
    
     # y
    
     label frq raw.prc valid.prc cum.prc
     1 A D 5 41.67 41.67 41.67
     2 An E 1 8.33 8.33 50.00
     3 The eff 6 50.00 50.00 100.00
    
    
     label frq raw.prc valid.prc cum.prc
     1 First 5 41.67 41.67 41.67
     2 Not home 3 25.00 25.00 66.67
     3 Refused 4 33.33 33.33 100.00
    
    
     iter imp variable
     1 1 SpeciesOne or more of the old values are recoded into identical new values.
     Please check if you correctly specified the recode-pattern,
     else separate multiple values with comma, e.g. rec="a,b,c=1; d,e,f=2".
     ══ Skipped tests ═══════════════════════════════════════════════════════════════
     • On CRAN (3)
     • empty test (8)
    
     ══ Failed tests ════════════════════════════════════════════════════════════════
     ── Error (test-merge_imputations.R:4:3): (code run outside of `test_that()`) ───
     <packageNotFoundError/error/condition>
     Error in `loadNamespace(x)`: there is no package called 'nnet'
     Backtrace:
     █
     1. ├─mice::mice(iris) test-merge_imputations.R:4:2
     2. │ └─mice:::sampler(...)
     3. │ └─mice:::sampler.univ(...)
     4. │ ├─base::do.call(f, args = args)
     5. │ └─mice::mice.impute.polyreg(...)
     6. └─base::loadNamespace(x)
     7. └─base::withRestarts(stop(cond), retry_loadNamespace = function() NULL)
     8. └─base:::withOneRestart(expr, restarts[[1L]])
     9. └─base:::doWithOneRestart(return(expr), restart)
    
     [ FAIL 1 | WARN 1 | SKIP 11 | PASS 155 ]
     Error: Test failures
     Execution halted
Flavor: r-patched-linux-x86_64

Version: 2.8.7
Check: tests
Result: ERROR
     Running ‘testthat.R’ [12s/13s]
    Running the tests in ‘tests/testthat.R’ failed.
    Complete output:
     > library(testthat)
     > library(sjmisc)
     >
     > test_check("sjmisc")
     # x
    
     label frq raw.prc valid.prc cum.prc
     1 First 5 41.67 41.67 41.67
     2 Not home 3 25.00 25.00 66.67
     3 Refused 4 33.33 33.33 100.00
    
    
     # y
    
     label frq raw.prc valid.prc cum.prc
     1 A D 5 41.67 41.67 41.67
     2 An E 1 8.33 8.33 50.00
     3 The eff 6 50.00 50.00 100.00
    
    
     label frq raw.prc valid.prc cum.prc
     1 First 5 41.67 41.67 41.67
     2 Not home 3 25.00 25.00 66.67
     3 Refused 4 33.33 33.33 100.00
    
     # x
    
     label frq raw.prc valid.prc cum.prc
     1 First 5 41.67 41.67 41.67
     2 Not home 3 25.00 25.00 66.67
     3 Refused 4 33.33 33.33 100.00
    
    
     # x
    
     label frq raw.prc valid.prc cum.prc
     1 First 5 41.67 41.67 41.67
     2 Not home 3 25.00 25.00 66.67
     3 Refused 4 33.33 33.33 100.00
    
    
     # y
    
     label frq raw.prc valid.prc cum.prc
     1 A D 5 41.67 41.67 41.67
     2 An E 1 8.33 8.33 50.00
     3 The eff 6 50.00 50.00 100.00
    
    
     label frq raw.prc valid.prc cum.prc
     1 First 5 41.67 41.67 41.67
     2 Not home 3 25.00 25.00 66.67
     3 Refused 4 33.33 33.33 100.00
    
    
     iter imp variable
     1 1 SpeciesOne or more of the old values are recoded into identical new values.
     Please check if you correctly specified the recode-pattern,
     else separate multiple values with comma, e.g. rec="a,b,c=1; d,e,f=2".
     ══ Skipped tests ═══════════════════════════════════════════════════════════════
     • On CRAN (3)
     • empty test (8)
    
     ══ Failed tests ════════════════════════════════════════════════════════════════
     ── Error (test-merge_imputations.R:4:3): (code run outside of `test_that()`) ───
     <packageNotFoundError/error/condition>
     Error in `loadNamespace(x)`: there is no package called 'nnet'
     Backtrace:
     █
     1. ├─mice::mice(iris) test-merge_imputations.R:4:2
     2. │ └─mice:::sampler(...)
     3. │ └─mice:::sampler.univ(...)
     4. │ ├─base::do.call(f, args = args)
     5. │ └─mice::mice.impute.polyreg(...)
     6. └─base::loadNamespace(x)
     7. └─base::withRestarts(stop(cond), retry_loadNamespace = function() NULL)
     8. └─base:::withOneRestart(expr, restarts[[1L]])
     9. └─base:::doWithOneRestart(return(expr), restart)
    
     [ FAIL 1 | WARN 1 | SKIP 11 | PASS 155 ]
     Error: Test failures
     Execution halted
Flavor: r-release-linux-x86_64

Version: 2.8.7
Check: tests
Result: ERROR
     Running 'testthat.R' [13s]
    Running the tests in 'tests/testthat.R' failed.
    Complete output:
     > library(testthat)
     > library(sjmisc)
     >
     > test_check("sjmisc")
     # x
    
     label frq raw.prc valid.prc cum.prc
     1 First 5 41.67 41.67 41.67
     2 Not home 3 25.00 25.00 66.67
     3 Refused 4 33.33 33.33 100.00
    
    
     # y
    
     label frq raw.prc valid.prc cum.prc
     1 A D 5 41.67 41.67 41.67
     2 An E 1 8.33 8.33 50.00
     3 The eff 6 50.00 50.00 100.00
    
    
     label frq raw.prc valid.prc cum.prc
     1 First 5 41.67 41.67 41.67
     2 Not home 3 25.00 25.00 66.67
     3 Refused 4 33.33 33.33 100.00
    
     # x
    
     label frq raw.prc valid.prc cum.prc
     1 First 5 41.67 41.67 41.67
     2 Not home 3 25.00 25.00 66.67
     3 Refused 4 33.33 33.33 100.00
    
    
     # x
    
     label frq raw.prc valid.prc cum.prc
     1 First 5 41.67 41.67 41.67
     2 Not home 3 25.00 25.00 66.67
     3 Refused 4 33.33 33.33 100.00
    
    
     # y
    
     label frq raw.prc valid.prc cum.prc
     1 A D 5 41.67 41.67 41.67
     2 An E 1 8.33 8.33 50.00
     3 The eff 6 50.00 50.00 100.00
    
    
     label frq raw.prc valid.prc cum.prc
     1 First 5 41.67 41.67 41.67
     2 Not home 3 25.00 25.00 66.67
     3 Refused 4 33.33 33.33 100.00
    
    
     iter imp variable
     1 1 SpeciesOne or more of the old values are recoded into identical new values.
     Please check if you correctly specified the recode-pattern,
     else separate multiple values with comma, e.g. rec="a,b,c=1; d,e,f=2".
     == Skipped tests ===============================================================
     * On CRAN (3)
     * empty test (8)
    
     == Failed tests ================================================================
     -- Error (test-merge_imputations.R:4:3): (code run outside of `test_that()`) ---
     <packageNotFoundError/error/condition>
     Error in `loadNamespace(x)`: there is no package called 'nnet'
     Backtrace:
     x
     1. +-mice::mice(iris) test-merge_imputations.R:4:2
     2. | \-mice:::sampler(...)
     3. | \-mice:::sampler.univ(...)
     4. | +-base::do.call(f, args = args)
     5. | \-mice::mice.impute.polyreg(...)
     6. \-base::loadNamespace(x)
     7. \-base::withRestarts(stop(cond), retry_loadNamespace = function() NULL)
     8. \-base:::withOneRestart(expr, restarts[[1L]])
     9. \-base:::doWithOneRestart(return(expr), restart)
    
     [ FAIL 1 | WARN 1 | SKIP 11 | PASS 155 ]
     Error: Test failures
     Execution halted
Flavor: r-release-windows-ix86+x86_64

Version: 2.8.7
Check: tests
Result: ERROR
     Running 'testthat.R' [14s]
    Running the tests in 'tests/testthat.R' failed.
    Complete output:
     > library(testthat)
     > library(sjmisc)
     >
     > test_check("sjmisc")
     # x
    
     label frq raw.prc valid.prc cum.prc
     1 First 5 41.67 41.67 41.67
     2 Not home 3 25.00 25.00 66.67
     3 Refused 4 33.33 33.33 100.00
    
    
     # y
    
     label frq raw.prc valid.prc cum.prc
     1 A D 5 41.67 41.67 41.67
     2 An E 1 8.33 8.33 50.00
     3 The eff 6 50.00 50.00 100.00
    
    
     label frq raw.prc valid.prc cum.prc
     1 First 5 41.67 41.67 41.67
     2 Not home 3 25.00 25.00 66.67
     3 Refused 4 33.33 33.33 100.00
    
     # x
    
     label frq raw.prc valid.prc cum.prc
     1 First 5 41.67 41.67 41.67
     2 Not home 3 25.00 25.00 66.67
     3 Refused 4 33.33 33.33 100.00
    
    
     # x
    
     label frq raw.prc valid.prc cum.prc
     1 First 5 41.67 41.67 41.67
     2 Not home 3 25.00 25.00 66.67
     3 Refused 4 33.33 33.33 100.00
    
    
     # y
    
     label frq raw.prc valid.prc cum.prc
     1 A D 5 41.67 41.67 41.67
     2 An E 1 8.33 8.33 50.00
     3 The eff 6 50.00 50.00 100.00
    
    
     label frq raw.prc valid.prc cum.prc
     1 First 5 41.67 41.67 41.67
     2 Not home 3 25.00 25.00 66.67
     3 Refused 4 33.33 33.33 100.00
    
    
     iter imp variable
     1 1 SpeciesOne or more of the old values are recoded into identical new values.
     Please check if you correctly specified the recode-pattern,
     else separate multiple values with comma, e.g. rec="a,b,c=1; d,e,f=2".
     == Skipped tests ===============================================================
     * On CRAN (3)
     * empty test (8)
    
     == Failed tests ================================================================
     -- Error (test-merge_imputations.R:4:3): (code run outside of `test_that()`) ---
     <packageNotFoundError/error/condition>
     Error in `loadNamespace(name)`: there is no package called 'nnet'
     Backtrace:
     x
     1. \-mice::mice(iris) test-merge_imputations.R:4:2
     2. \-mice:::sampler(...)
     3. \-mice:::sampler.univ(...)
     4. +-base::do.call(f, args = args)
     5. \-mice::mice.impute.polyreg(...)
     6. \-nnet::multinom
     7. \-base::getExportedValue(pkg, name)
     8. \-base::asNamespace(ns)
     9. \-base::getNamespace(ns)
     10. \-base::loadNamespace(name)
     11. \-base::withRestarts(stop(cond), retry_loadNamespace = function() NULL)
     12. \-base:::withOneRestart(expr, restarts[[1L]])
     13. \-base:::doWithOneRestart(return(expr), restart)
    
     [ FAIL 1 | WARN 1 | SKIP 11 | PASS 155 ]
     Error: Test failures
     Execution halted
Flavor: r-oldrel-windows-ix86+x86_64