CRAN Package Check Results for Package sits

Last updated on 2022-11-30 10:51:50 CET.

Flavor Version Tinstall Tcheck Ttotal Status Flags
r-devel-linux-x86_64-debian-clang 1.2.0 169.52 170.67 340.19 OK
r-devel-linux-x86_64-debian-gcc 1.2.0 134.03 124.59 258.62 OK
r-devel-linux-x86_64-fedora-clang 1.2.0 496.63 OK
r-devel-linux-x86_64-fedora-gcc 1.2.0 464.12 OK
r-devel-windows-x86_64 1.2.0 368.00 222.00 590.00 OK
r-patched-linux-x86_64 1.2.0 118.20 155.15 273.35 OK
r-release-linux-x86_64 1.2.0 108.21 159.15 267.36 OK
r-release-macos-arm64 1.2.0 117.00 NOTE
r-release-macos-x86_64 1.2.0 127.00 NOTE
r-release-windows-x86_64 1.2.0 183.00 223.00 406.00 OK
r-oldrel-macos-arm64 1.2.0 96.00 NOTE
r-oldrel-macos-x86_64 1.2.0 129.00 NOTE
r-oldrel-windows-ix86+x86_64 1.2.0 408.00 231.00 639.00 NOTE

Check Details

Version: 1.2.0
Check: installed package size
Result: NOTE
     installed size is 8.1Mb
     sub-directories of 1Mb or more:
     extdata 1.5Mb
     libs 4.9Mb
Flavors: r-release-macos-arm64, r-release-macos-x86_64, r-oldrel-macos-arm64, r-oldrel-macos-x86_64, r-oldrel-windows-ix86+x86_64