CRAN Package Check Results for Package siplab

Last updated on 2021-12-01 09:54:42 CET.

Flavor Version Tinstall Tcheck Ttotal Status Flags
r-devel-linux-x86_64-debian-clang 1.5 7.99 92.67 100.66 NOTE
r-devel-linux-x86_64-debian-gcc 1.5 7.26 71.67 78.93 NOTE
r-devel-linux-x86_64-fedora-clang 1.5 136.80 NOTE
r-devel-linux-x86_64-fedora-gcc 1.5 126.30 NOTE
r-devel-windows-x86_64-new-UL 1.5 17.00 164.00 181.00 NOTE
r-devel-windows-x86_64-new-TK 1.5 NOTE
r-devel-windows-x86_64-old 1.5 14.00 100.00 114.00 NOTE
r-patched-linux-x86_64 1.5 9.90 93.28 103.18 NOTE
r-patched-solaris-x86 1.5 200.10 NOTE
r-release-linux-x86_64 1.5 9.17 93.27 102.44 NOTE
r-release-macos-arm64 1.5 NOTE
r-release-macos-x86_64 1.5 NOTE
r-release-windows-ix86+x86_64 1.5 26.00 102.00 128.00 NOTE
r-oldrel-macos-x86_64 1.5 OK
r-oldrel-windows-ix86+x86_64 1.5 16.00 137.00 153.00 NOTE

Check Details

Version: 1.5
Check: R code for possible problems
Result: NOTE
    assimilation: no visible global function definition for 'as.im'
    assimilation: no visible global function definition for 'as.mask'
    assimilation: no visible global function definition for 'coords'
    assimilation: no visible global function definition for 'npoints'
    assimilation: no visible global function definition for 'marks<-'
    assimilation_pix: no visible global function definition for 'as.im'
    assimilation_pix: no visible global function definition for 'as.mask'
    assimilation_pix: no visible global function definition for 'coords'
    assimilation_pix: no visible global function definition for 'npoints'
    assimilation_pix: no visible global function definition for 'eval.im'
    assimilation_pix: no visible global function definition for
     'integral.im'
    assimilation_pix: no visible global function definition for 'marks<-'
    core: no visible global function definition for 'inside.owin'
    core: no visible global function definition for 'erosion'
    core: no visible global function definition for 'as.owin'
    edges: no visible global function definition for 'erosion'
    edges: no visible global function definition for 'as.owin'
    edges: no visible global function definition for 'periodify'
    edges: no visible global function definition for 'dilation'
    pairwise : cindexf: no visible global function definition for 'npoints'
    pairwise : cindexf: no visible global function definition for 'marks'
    pairwise: no visible global function definition for 'marks'
    pairwise: no visible global function definition for 'marks<-'
    pairwise: no visible global function definition for 'applynbd'
    Undefined global functions or variables:
     applynbd as.im as.mask as.owin coords dilation erosion eval.im
     inside.owin integral.im marks marks<- npoints periodify
Flavors: r-devel-linux-x86_64-debian-clang, r-devel-linux-x86_64-debian-gcc, r-devel-linux-x86_64-fedora-clang, r-devel-linux-x86_64-fedora-gcc, r-devel-windows-x86_64-new-UL, r-devel-windows-x86_64-new-TK, r-devel-windows-x86_64-old, r-patched-linux-x86_64, r-patched-solaris-x86, r-release-linux-x86_64, r-release-macos-arm64, r-release-macos-x86_64, r-release-windows-ix86+x86_64, r-oldrel-windows-ix86+x86_64