CRAN Package Check Results for Package singR

Last updated on 2024-04-13 10:48:44 CEST.

Flavor Version Tinstall Tcheck Ttotal Status Flags
r-devel-linux-x86_64-debian-clang 0.1.2 60.76 140.17 200.93 OK
r-devel-linux-x86_64-debian-gcc 0.1.2 42.35 105.43 147.78 OK
r-devel-linux-x86_64-fedora-clang 0.1.2 271.70 OK
r-devel-linux-x86_64-fedora-gcc 0.1.2 266.47 OK
r-devel-windows-x86_64 0.1.2 48.00 151.00 199.00 OK
r-patched-linux-x86_64 0.1.2 56.08 133.75 189.83 OK
r-release-linux-x86_64 0.1.2 55.58 139.86 195.44 OK
r-release-macos-arm64 0.1.2 66.00 NOTE
r-release-macos-x86_64 0.1.2 117.00 NOTE
r-release-windows-x86_64 0.1.2 57.00 180.00 237.00 OK
r-oldrel-macos-arm64 0.1.2 72.00 NOTE
r-oldrel-windows-x86_64 0.1.2 55.00 170.00 225.00 OK

Check Details

Version: 0.1.2
Check: installed package size
Result: NOTE installed size is 5.4Mb sub-directories of 1Mb or more: data 2.3Mb libs 2.7Mb Flavors: r-release-macos-arm64, r-release-macos-x86_64, r-oldrel-macos-arm64