CRAN Package Check Results for Package simode

Last updated on 2022-12-09 10:00:35 CET.

Flavor Version Tinstall Tcheck Ttotal Status Flags
r-devel-linux-x86_64-debian-clang 1.2.0 7.11 248.78 255.89 OK
r-devel-linux-x86_64-debian-gcc 1.2.0 4.11 183.45 187.56 OK
r-devel-linux-x86_64-fedora-clang 1.2.0 313.88 NOTE
r-devel-linux-x86_64-fedora-gcc 1.2.0 313.13 NOTE
r-devel-windows-x86_64 1.2.0 25.00 313.00 338.00 OK
r-patched-linux-x86_64 1.2.0 7.29 237.13 244.42 OK
r-release-linux-x86_64 1.2.0 5.50 231.46 236.96 OK
r-release-macos-arm64 1.2.0 59.00 NOTE
r-release-macos-x86_64 1.2.0 87.00 NOTE
r-release-windows-x86_64 1.2.0 31.00 293.00 324.00 OK
r-oldrel-macos-arm64 1.2.0 82.00 NOTE
r-oldrel-macos-x86_64 1.2.0 139.00 NOTE
r-oldrel-windows-ix86+x86_64 1.2.0 12.00 287.00 299.00 OK

Check Details

Version: 1.2.0
Check: dependencies in R code
Result: NOTE
    Namespace in Imports field not imported from: ‘quadprog’
     All declared Imports should be used.
Flavors: r-devel-linux-x86_64-fedora-clang, r-devel-linux-x86_64-fedora-gcc, r-release-macos-arm64, r-release-macos-x86_64, r-oldrel-macos-arm64, r-oldrel-macos-x86_64