CRAN Package Check Results for Package simode

Last updated on 2024-04-18 10:50:04 CEST.

Flavor Version Tinstall Tcheck Ttotal Status Flags
r-devel-linux-x86_64-debian-clang 1.2.2 13.26 97.42 110.68 OK
r-devel-linux-x86_64-debian-gcc 1.2.2 7.50 72.62 80.12 OK
r-devel-linux-x86_64-fedora-clang 1.2.2 145.43 NOTE
r-devel-linux-x86_64-fedora-gcc 1.2.2 140.64 NOTE
r-prerel-macos-arm64 1.2.2 44.00 OK
r-prerel-macos-x86_64 1.2.2 146.00 OK
r-prerel-windows-x86_64 1.2.2 10.00 89.00 99.00 OK
r-patched-linux-x86_64 1.2.2 9.99 96.16 106.15 OK
r-release-linux-x86_64 1.2.2 12.36 93.28 105.64 OK
r-release-macos-arm64 1.2.2 48.00 OK
r-release-macos-x86_64 1.2.2 105.00 OK
r-release-windows-x86_64 1.2.2 14.00 104.00 118.00 OK
r-oldrel-macos-arm64 1.2.2 45.00 OK
r-oldrel-windows-x86_64 1.2.2 14.00 105.00 119.00 OK

Check Details

Version: 1.2.2
Check: dependencies in R code
Result: NOTE Namespace in Imports field not imported from: ‘quadprog’ All declared Imports should be used. Flavors: r-devel-linux-x86_64-fedora-clang, r-devel-linux-x86_64-fedora-gcc