CRAN Package Check Results for Package signs

Last updated on 2022-12-05 09:51:31 CET.

Flavor Version Tinstall Tcheck Ttotal Status Flags
r-devel-linux-x86_64-debian-clang 0.1.2 2.47 46.97 49.44 NOTE
r-devel-linux-x86_64-debian-gcc 0.1.2 2.41 36.90 39.31 NOTE
r-devel-linux-x86_64-fedora-clang 0.1.2 71.90 NOTE
r-devel-linux-x86_64-fedora-gcc 0.1.2 81.70 NOTE
r-devel-windows-x86_64 0.1.2 12.00 73.00 85.00 NOTE
r-patched-linux-x86_64 0.1.2 3.28 45.91 49.19 NOTE
r-release-linux-x86_64 0.1.2 2.88 46.69 49.57 NOTE
r-release-macos-arm64 0.1.2 27.00 NOTE
r-release-macos-x86_64 0.1.2 34.00 NOTE
r-release-windows-x86_64 0.1.2 11.00 77.00 88.00 NOTE
r-oldrel-macos-arm64 0.1.2 43.00 NOTE
r-oldrel-macos-x86_64 0.1.2 40.00 NOTE
r-oldrel-windows-ix86+x86_64 0.1.2 8.00 73.00 81.00 NOTE

Check Details

Version: 0.1.2
Check: LazyData
Result: NOTE
     'LazyData' is specified without a 'data' directory
Flavors: r-devel-linux-x86_64-debian-clang, r-devel-linux-x86_64-debian-gcc, r-devel-linux-x86_64-fedora-clang, r-devel-linux-x86_64-fedora-gcc, r-devel-windows-x86_64, r-patched-linux-x86_64, r-release-linux-x86_64, r-release-macos-arm64, r-release-macos-x86_64, r-release-windows-x86_64, r-oldrel-macos-arm64, r-oldrel-macos-x86_64, r-oldrel-windows-ix86+x86_64