CRAN Package Check Results for Package signnet

Last updated on 2022-12-03 10:51:31 CET.

Flavor Version Tinstall Tcheck Ttotal Status Flags
r-devel-linux-x86_64-debian-clang 0.8.1 94.54 145.80 240.34 OK
r-devel-linux-x86_64-debian-gcc 0.8.1 72.00 109.24 181.24 OK
r-devel-linux-x86_64-fedora-clang 0.8.1 353.11 OK
r-devel-linux-x86_64-fedora-gcc 0.8.1 335.89 OK
r-devel-windows-x86_64 0.8.1 103.00 188.00 291.00 OK
r-patched-linux-x86_64 0.8.1 71.69 135.85 207.54 OK
r-release-linux-x86_64 0.8.1 70.13 122.70 192.83 OK
r-release-macos-arm64 0.8.1 78.00 NOTE
r-release-macos-x86_64 0.8.1 97.00 NOTE
r-release-windows-x86_64 0.8.1 130.00 188.00 318.00 OK
r-oldrel-macos-arm64 0.8.1 83.00 NOTE
r-oldrel-macos-x86_64 0.8.1 115.00 NOTE
r-oldrel-windows-ix86+x86_64 0.8.1 216.00 219.00 435.00 OK

Check Details

Version: 0.8.1
Check: installed package size
Result: NOTE
     installed size is 5.0Mb
     sub-directories of 1Mb or more:
     libs 3.4Mb
Flavors: r-release-macos-arm64, r-release-macos-x86_64, r-oldrel-macos-arm64, r-oldrel-macos-x86_64