Last updated on 2022-08-09 10:52:32 CEST.
Flavor | Version | Tinstall | Tcheck | Ttotal | Status | Flags |
---|---|---|---|---|---|---|
r-devel-linux-x86_64-debian-clang | 0.7-7 | 8.00 | 46.54 | 54.54 | OK | |
r-devel-linux-x86_64-debian-gcc | 0.7-7 | 4.73 | 36.16 | 40.89 | OK | |
r-devel-linux-x86_64-fedora-clang | 0.7-7 | 74.35 | NOTE | |||
r-devel-linux-x86_64-fedora-gcc | 0.7-7 | 76.38 | NOTE | |||
r-devel-windows-x86_64 | 0.7-7 | 33.00 | 81.00 | 114.00 | OK | |
r-patched-linux-x86_64 | 0.7-7 | 8.53 | 44.15 | 52.68 | OK | |
r-release-linux-x86_64 | 0.7-7 | OK | ||||
r-release-macos-arm64 | 0.7-7 | 23.00 | OK | |||
r-release-macos-x86_64 | 0.7-7 | 36.00 | OK | |||
r-release-windows-x86_64 | 0.7-7 | 36.00 | 77.00 | 113.00 | OK | |
r-oldrel-macos-arm64 | 0.7-7 | 30.00 | OK | |||
r-oldrel-macos-x86_64 | 0.7-7 | 46.00 | OK | |||
r-oldrel-windows-ix86+x86_64 | 0.7-7 | 16.00 | 77.00 | 93.00 | OK |
Version: 0.7-7
Check: compiled code
Result: NOTE
File ‘signal/libs/signal.so’:
Found no calls to: ‘R_registerRoutines’, ‘R_useDynamicSymbols’
It is good practice to register native routines and to disable symbol
search.
See ‘Writing portable packages’ in the ‘Writing R Extensions’ manual.
Flavors: r-devel-linux-x86_64-fedora-clang, r-devel-linux-x86_64-fedora-gcc