CRAN Package Check Results for Package sidrar

Last updated on 2022-05-18 09:54:13 CEST.

Flavor Version Tinstall Tcheck Ttotal Status Flags
r-devel-linux-x86_64-debian-clang 0.2.7 2.62 34.85 37.47 WARN
r-devel-linux-x86_64-debian-gcc 0.2.7 1.94 27.09 29.03 WARN
r-devel-linux-x86_64-fedora-clang 0.2.7 45.13 WARN
r-devel-linux-x86_64-fedora-gcc 0.2.7 47.80 WARN
r-devel-windows-x86_64 0.2.7 9.00 55.00 64.00 WARN
r-patched-linux-x86_64 0.2.7 2.52 33.16 35.68 OK
r-release-linux-x86_64 0.2.7 2.56 33.88 36.44 OK
r-release-macos-arm64 0.2.7 16.00 OK
r-release-macos-x86_64 0.2.7 25.00 OK
r-release-windows-x86_64 0.2.7 14.00 53.00 67.00 OK
r-oldrel-macos-arm64 0.2.7 30.00 OK
r-oldrel-macos-x86_64 0.2.7 21.00 OK
r-oldrel-windows-ix86+x86_64 0.2.7 7.00 48.00 55.00 OK

Check Details

Version: 0.2.7
Check: Rd files
Result: WARN
    checkRd: (7) get_sidra.Rd:102: invalid email address: <rpradosiqueira@gmail.com>
    checkRd: (7) info_sidra.Rd:31: invalid email address: <rpradosiqueira@gmail.com>
    checkRd: (7) search_sidra.Rd:28: invalid email address: <rpradosiqueira@gmail.com>
Flavors: r-devel-linux-x86_64-debian-clang, r-devel-linux-x86_64-debian-gcc, r-devel-linux-x86_64-fedora-clang, r-devel-linux-x86_64-fedora-gcc, r-devel-windows-x86_64