Last updated on 2023-01-30 10:52:13 CET.
Flavor | Version | Tinstall | Tcheck | Ttotal | Status | Flags |
---|---|---|---|---|---|---|
r-devel-linux-x86_64-debian-clang | 0.3.0 | 19.16 | 155.55 | 174.71 | OK | |
r-devel-linux-x86_64-debian-gcc | 0.3.0 | 15.11 | 114.54 | 129.65 | OK | |
r-devel-linux-x86_64-fedora-clang | 0.3.0 | 214.98 | NOTE | |||
r-devel-linux-x86_64-fedora-gcc | 0.3.0 | 230.87 | NOTE | |||
r-devel-windows-x86_64 | 0.3.0 | 41.00 | 188.00 | 229.00 | OK | |
r-patched-linux-x86_64 | 0.3.0 | 14.68 | 150.62 | 165.30 | OK | |
r-release-linux-x86_64 | 0.3.0 | 13.76 | 155.90 | 169.66 | OK | |
r-release-macos-arm64 | 0.3.0 | 62.00 | NOTE | |||
r-release-macos-x86_64 | 0.3.0 | 110.00 | NOTE | |||
r-release-windows-x86_64 | 0.3.0 | 41.00 | 208.00 | 249.00 | OK | |
r-oldrel-macos-arm64 | 0.3.0 | 65.00 | NOTE | |||
r-oldrel-macos-x86_64 | 0.3.0 | 81.00 | NOTE | |||
r-oldrel-windows-ix86+x86_64 | 0.3.0 | 44.00 | 179.00 | 223.00 | OK |
Version: 0.3.0
Check: dependencies in R code
Result: NOTE
Namespaces in Imports field not imported from:
‘e1071’ ‘knitr’
All declared Imports should be used.
Flavors: r-devel-linux-x86_64-fedora-clang, r-devel-linux-x86_64-fedora-gcc, r-release-macos-arm64, r-release-macos-x86_64, r-oldrel-macos-arm64, r-oldrel-macos-x86_64