CRAN Package Check Results for Package shinycustomloader

Last updated on 2023-06-01 10:58:29 CEST.

Flavor Version Tinstall Tcheck Ttotal Status Flags
r-devel-linux-x86_64-debian-clang 0.9.0 3.02 36.35 39.37 NOTE
r-devel-linux-x86_64-debian-gcc 0.9.0 2.84 29.00 31.84 NOTE
r-devel-linux-x86_64-fedora-clang 0.9.0 50.56 NOTE
r-devel-linux-x86_64-fedora-gcc 0.9.0 47.90 NOTE
r-devel-windows-x86_64 0.9.0 6.00 55.00 61.00 NOTE
r-patched-linux-x86_64 0.9.0 NOTE
r-release-linux-x86_64 0.9.0 3.17 35.55 38.72 NOTE
r-release-macos-arm64 0.9.0 21.00 NOTE
r-release-macos-x86_64 0.9.0 31.00 NOTE
r-release-windows-x86_64 0.9.0 5.00 57.00 62.00 NOTE
r-oldrel-macos-arm64 0.9.0 20.00 NOTE
r-oldrel-macos-x86_64 0.9.0 38.00 NOTE
r-oldrel-windows-x86_64 0.9.0 7.00 61.00 68.00 NOTE

Check Details

Version: 0.9.0
Check: LazyData
Result: NOTE
     'LazyData' is specified without a 'data' directory
Flavors: r-devel-linux-x86_64-debian-clang, r-devel-linux-x86_64-debian-gcc, r-devel-linux-x86_64-fedora-clang, r-devel-linux-x86_64-fedora-gcc, r-devel-windows-x86_64, r-patched-linux-x86_64, r-release-linux-x86_64, r-release-macos-arm64, r-release-macos-x86_64, r-release-windows-x86_64, r-oldrel-macos-arm64, r-oldrel-macos-x86_64, r-oldrel-windows-x86_64