CRAN Package Check Results for Package shinyalert

Last updated on 2022-10-07 10:53:20 CEST.

Flavor Version Tinstall Tcheck Ttotal Status Flags
r-devel-linux-x86_64-debian-clang 3.0.0 2.35 23.38 25.73 OK
r-devel-linux-x86_64-debian-gcc 3.0.0 1.81 18.05 19.86 OK
r-devel-linux-x86_64-fedora-clang 3.0.0 45.75 NOTE
r-devel-linux-x86_64-fedora-gcc 3.0.0 40.06 NOTE
r-devel-windows-x86_64 3.0.0 20.00 52.00 72.00 OK
r-patched-linux-x86_64 3.0.0 2.07 22.54 24.61 OK
r-release-linux-x86_64 3.0.0 2.29 22.09 24.38 OK
r-release-macos-arm64 3.0.0 16.00 NOTE
r-release-macos-x86_64 3.0.0 26.00 NOTE
r-release-windows-x86_64 3.0.0 26.00 48.00 74.00 OK
r-oldrel-macos-arm64 3.0.0 17.00 NOTE
r-oldrel-macos-x86_64 3.0.0 21.00 NOTE
r-oldrel-windows-ix86+x86_64 3.0.0 8.00 45.00 53.00 OK

Check Details

Version: 3.0.0
Check: dependencies in R code
Result: NOTE
    Namespace in Imports field not imported from: ‘stats’
     All declared Imports should be used.
Flavors: r-devel-linux-x86_64-fedora-clang, r-devel-linux-x86_64-fedora-gcc, r-release-macos-arm64, r-release-macos-x86_64, r-oldrel-macos-arm64, r-oldrel-macos-x86_64