CRAN Package Check Results for Package shiny.pwa

Last updated on 2022-11-30 10:51:50 CET.

Flavor Version Tinstall Tcheck Ttotal Status Flags
r-devel-linux-x86_64-debian-clang 0.2.1 6.03 46.90 52.93 NOTE
r-devel-linux-x86_64-debian-gcc 0.2.1 4.52 35.95 40.47 NOTE
r-devel-linux-x86_64-fedora-clang 0.2.1 79.81 NOTE
r-devel-linux-x86_64-fedora-gcc 0.2.1 74.11 NOTE
r-devel-windows-x86_64 0.2.1 15.00 76.00 91.00 NOTE
r-patched-linux-x86_64 0.2.1 3.98 44.77 48.75 OK
r-release-linux-x86_64 0.2.1 3.77 44.94 48.71 OK
r-release-macos-arm64 0.2.1 24.00 OK
r-release-macos-x86_64 0.2.1 37.00 OK
r-release-windows-x86_64 0.2.1 11.00 82.00 93.00 OK
r-oldrel-macos-arm64 0.2.1 25.00 OK
r-oldrel-macos-x86_64 0.2.1 29.00 OK
r-oldrel-windows-ix86+x86_64 0.2.1 16.00 81.00 97.00 OK

Check Details

Version: 0.2.1
Check: package subdirectories
Result: NOTE
    Problems with news in 'NEWS.md':
    No news entries found.
Flavors: r-devel-linux-x86_64-debian-clang, r-devel-linux-x86_64-debian-gcc, r-devel-linux-x86_64-fedora-clang, r-devel-linux-x86_64-fedora-gcc, r-devel-windows-x86_64