CRAN Package Check Results for Package sharpshootR

Last updated on 2022-01-18 10:17:29 CET.

Flavor Version Tinstall Tcheck Ttotal Status Flags
r-devel-linux-x86_64-debian-clang 1.9 38.09 354.12 392.21 NOTE
r-devel-linux-x86_64-debian-gcc 1.9 35.18 258.40 293.58 NOTE
r-devel-linux-x86_64-fedora-clang 1.9 467.46 NOTE
r-devel-linux-x86_64-fedora-gcc 1.9 446.39 NOTE
r-devel-windows-x86_64-new-UL 1.9 172.00 344.00 516.00 NOTE
r-devel-windows-x86_64-new-TK 1.9 NOTE
r-patched-linux-x86_64 1.9 36.87 333.52 370.39 NOTE
r-release-linux-x86_64 1.9 NOTE
r-release-macos-arm64 1.9 NOTE
r-release-macos-x86_64 1.9 NOTE
r-release-windows-ix86+x86_64 1.9 80.00 360.00 440.00 NOTE
r-oldrel-macos-x86_64 1.8.4 NOTE
r-oldrel-windows-ix86+x86_64 1.9 83.00 375.00 458.00 NOTE

Check Details

Version: 1.9
Check: package dependencies
Result: NOTE
    Package suggested but not available for checking: 'hydromad'
Flavors: r-devel-linux-x86_64-debian-clang, r-devel-linux-x86_64-debian-gcc, r-devel-linux-x86_64-fedora-clang, r-devel-linux-x86_64-fedora-gcc, r-devel-windows-x86_64-new-UL, r-devel-windows-x86_64-new-TK, r-patched-linux-x86_64, r-release-linux-x86_64, r-release-macos-arm64, r-release-macos-x86_64, r-release-windows-ix86+x86_64, r-oldrel-windows-ix86+x86_64

Version: 1.8.4
Check: package dependencies
Result: NOTE
    Package suggested but not available for checking: ‘hydromad’
Flavor: r-oldrel-macos-x86_64