CRAN Package Check Results for Package seqHMM

Last updated on 2022-12-02 10:51:38 CET.

Flavor Version Tinstall Tcheck Ttotal Status Flags
r-devel-linux-x86_64-debian-clang 1.2.1-1 462.77 382.89 845.66 OK
r-devel-linux-x86_64-debian-gcc 1.2.2 360.78 242.95 603.73 OK
r-devel-linux-x86_64-fedora-clang 1.2.2 1231.32 NOTE
r-devel-linux-x86_64-fedora-gcc 1.2.2 1080.66 OK
r-devel-windows-x86_64 1.2.2 287.00 325.00 612.00 NOTE
r-patched-linux-x86_64 1.2.1-1 389.19 310.11 699.30 OK
r-release-linux-x86_64 1.2.2 344.46 303.20 647.66 OK
r-release-macos-arm64 1.2.2 254.00 NOTE
r-release-macos-x86_64 1.2.1-1 332.00 NOTE
r-release-windows-x86_64 1.2.2 347.00 314.00 661.00 NOTE
r-oldrel-macos-arm64 1.2.1-1 213.00 NOTE
r-oldrel-macos-x86_64 1.2.1-1 328.00 NOTE
r-oldrel-windows-ix86+x86_64 1.2.2 658.00 358.00 1016.00 NOTE

Check Details

Version: 1.2.2
Check: installed package size
Result: NOTE
     installed size is 8.1Mb
     sub-directories of 1Mb or more:
     doc 6.4Mb
Flavors: r-devel-linux-x86_64-fedora-clang, r-devel-windows-x86_64, r-release-macos-arm64, r-release-windows-x86_64, r-oldrel-windows-ix86+x86_64

Version: 1.2.1-1
Check: installed package size
Result: NOTE
     installed size is 16.8Mb
     sub-directories of 1Mb or more:
     doc 6.3Mb
     libs 9.6Mb
Flavors: r-release-macos-x86_64, r-oldrel-macos-arm64, r-oldrel-macos-x86_64