CRAN Package Check Results for Package sentopics

Last updated on 2022-12-02 10:51:38 CET.

Flavor Version Tinstall Tcheck Ttotal Status Flags
r-devel-linux-x86_64-debian-clang 0.7.1 84.09 469.24 553.33 OK
r-devel-linux-x86_64-debian-gcc 0.7.1 63.36 361.45 424.81 OK
r-devel-linux-x86_64-fedora-clang 0.7.1 627.30 NOTE
r-devel-linux-x86_64-fedora-gcc 0.7.1 570.18 NOTE
r-devel-windows-x86_64 0.7.1 107.00 439.00 546.00 OK
r-patched-linux-x86_64 0.7.1 77.33 421.37 498.70 OK
r-release-linux-x86_64 0.7.1 69.53 409.42 478.95 OK
r-release-macos-arm64 0.7.1 189.00 NOTE
r-release-macos-x86_64 0.7.1 208.00 NOTE
r-release-windows-x86_64 0.7.1 151.00 429.00 580.00 OK
r-oldrel-macos-arm64 0.7.1 172.00 NOTE
r-oldrel-macos-x86_64 0.7.1 203.00 NOTE
r-oldrel-windows-ix86+x86_64 0.7.1 193.00 670.00 863.00 OK

Check Details

Version: 0.7.1
Check: Rd cross-references
Result: NOTE
    Undeclared package ‘lexicon’ in Rd xrefs
Flavor: r-devel-linux-x86_64-fedora-clang

Version: 0.7.1
Check: data for non-ASCII characters
Result: NOTE
     Note: found 3128 marked UTF-8 strings
Flavors: r-devel-linux-x86_64-fedora-clang, r-devel-linux-x86_64-fedora-gcc, r-release-macos-arm64, r-release-macos-x86_64, r-oldrel-macos-arm64, r-oldrel-macos-x86_64

Version: 0.7.1
Check: installed package size
Result: NOTE
     installed size is 6.4Mb
     sub-directories of 1Mb or more:
     data 1.2Mb
     libs 4.3Mb
Flavors: r-release-macos-arm64, r-release-macos-x86_64, r-oldrel-macos-arm64, r-oldrel-macos-x86_64