CRAN Package Check Results for Package sentometrics

Last updated on 2022-09-27 10:49:17 CEST.

Flavor Version Tinstall Tcheck Ttotal Status Flags
r-devel-linux-x86_64-debian-clang 1.0.0 99.25 275.93 375.18 NOTE
r-devel-linux-x86_64-debian-gcc 1.0.0 77.67 194.62 272.29 NOTE
r-devel-linux-x86_64-fedora-clang 1.0.0 481.15 NOTE
r-devel-linux-x86_64-fedora-gcc 1.0.0 430.97 NOTE
r-devel-windows-x86_64 1.0.0 168.00 309.00 477.00 NOTE
r-patched-linux-x86_64 1.0.0 87.96 240.58 328.54 NOTE
r-release-linux-x86_64 1.0.0 69.98 240.10 310.08 NOTE
r-release-macos-arm64 1.0.0 117.00 NOTE
r-release-macos-x86_64 1.0.0 198.00 NOTE
r-release-windows-x86_64 1.0.0 165.00 302.00 467.00 NOTE
r-oldrel-macos-arm64 1.0.0 140.00 NOTE
r-oldrel-macos-x86_64 1.0.0 161.00 NOTE
r-oldrel-windows-ix86+x86_64 1.0.0 238.00 469.00 707.00 NOTE

Check Details

Version: 1.0.0
Check: for GNU extensions in Makefiles
Result: NOTE
    GNU make is a SystemRequirements.
Flavors: r-devel-linux-x86_64-debian-clang, r-devel-linux-x86_64-debian-gcc, r-devel-linux-x86_64-fedora-clang, r-devel-linux-x86_64-fedora-gcc, r-devel-windows-x86_64, r-patched-linux-x86_64, r-release-linux-x86_64, r-release-macos-arm64, r-release-macos-x86_64, r-release-windows-x86_64, r-oldrel-macos-arm64, r-oldrel-macos-x86_64, r-oldrel-windows-ix86+x86_64

Version: 1.0.0
Check: data for non-ASCII characters
Result: NOTE
     Note: found 4436 marked UTF-8 strings
Flavors: r-devel-linux-x86_64-fedora-clang, r-devel-linux-x86_64-fedora-gcc, r-release-macos-arm64, r-release-macos-x86_64, r-oldrel-macos-arm64, r-oldrel-macos-x86_64

Version: 1.0.0
Check: installed package size
Result: NOTE
     installed size is 7.7Mb
     sub-directories of 1Mb or more:
     data 2.3Mb
     libs 4.3Mb
Flavors: r-release-macos-arm64, r-release-macos-x86_64, r-oldrel-macos-arm64, r-oldrel-macos-x86_64, r-oldrel-windows-ix86+x86_64