CRAN Package Check Results for Package sentencepiece

Last updated on 2022-11-29 09:52:26 CET.

Flavor Version Tinstall Tcheck Ttotal Status Flags
r-devel-linux-x86_64-debian-clang 0.2.3 1264.41 46.01 1310.42 OK
r-devel-linux-x86_64-debian-gcc 0.2.3 601.12 35.59 636.71 OK
r-devel-linux-x86_64-fedora-clang 0.2.3 1181.99 OK
r-devel-linux-x86_64-fedora-gcc 0.2.3 1092.94 OK
r-devel-windows-x86_64 0.2.3 1027.00 114.00 1141.00 NOTE
r-patched-linux-x86_64 0.2.3 685.24 43.21 728.45 OK
r-release-linux-x86_64 0.2.3 660.68 42.91 703.59 OK
r-release-macos-arm64 0.2.3 251.00 NOTE
r-release-macos-x86_64 0.2.3 288.00 NOTE
r-release-windows-x86_64 0.2.3 919.00 114.00 1033.00 NOTE
r-oldrel-macos-arm64 0.2.3 247.00 NOTE
r-oldrel-macos-x86_64 0.2.3 296.00 NOTE
r-oldrel-windows-ix86+x86_64 0.2.3 1844.00 127.00 1971.00 NOTE

Check Details

Version: 0.2.3
Check: installed package size
Result: NOTE
     installed size is 5.0Mb
     sub-directories of 1Mb or more:
     libs 3.3Mb
     models 1.6Mb
Flavors: r-devel-windows-x86_64, r-release-macos-arm64, r-release-macos-x86_64, r-release-windows-x86_64, r-oldrel-macos-arm64, r-oldrel-macos-x86_64, r-oldrel-windows-ix86+x86_64