CRAN Package Check Results for Package sedproxy

Last updated on 2022-12-05 09:51:31 CET.

Flavor Version Tinstall Tcheck Ttotal Status Flags
r-devel-linux-x86_64-debian-clang 0.7.3 9.50 1395.26 1404.76 ERROR
r-devel-linux-x86_64-debian-gcc 0.7.3 6.81 1039.25 1046.06 OK
r-devel-linux-x86_64-fedora-clang 0.7.3 1732.46 OK
r-devel-linux-x86_64-fedora-gcc 0.7.3 1793.06 OK
r-devel-windows-x86_64 0.7.3 36.00 1310.00 1346.00 OK
r-patched-linux-x86_64 0.7.3 5.67 142.08 147.75 OK
r-release-linux-x86_64 0.7.3 5.64 141.72 147.36 OK
r-release-macos-arm64 0.7.3 74.00 OK
r-release-macos-x86_64 0.7.3 272.00 OK
r-release-windows-x86_64 0.7.3 16.00 195.00 211.00 OK
r-oldrel-macos-arm64 0.7.3 67.00 OK
r-oldrel-macos-x86_64 0.7.3 99.00 OK
r-oldrel-windows-ix86+x86_64 0.7.3 21.00 187.00 208.00 OK

Check Details

Version: 0.7.3
Check: re-building of vignette outputs
Result: ERROR
    Error(s) in re-building vignettes:
     ...
    --- re-building 'effect-of-climate-dependent-flux.Rmd' using rmarkdown
    
    Attaching package: 'dplyr'
    
    The following objects are masked from 'package:stats':
    
     filter, lag
    
    The following objects are masked from 'package:base':
    
     intersect, setdiff, setequal, union
    
    Don't know how to automatically pick scale for object of type <ts>. Defaulting
    to continuous.
    Killed
    --- re-building 'introduction-to-sedproxy.Rmd' using rmarkdown
    
    Attaching package: 'dplyr'
    
    The following objects are masked from 'package:stats':
    
     filter, lag
    
    The following objects are masked from 'package:base':
    
     intersect, setdiff, setequal, union
    
    Using Rapid version
    Warning in ClimToProxyClim(clim.signal = clim.in, timepoints = req.timepoints, :
     Timepoint(s) 1, 101 are in the mixed layer
    Joining, by = c("stage", "scale")
    Scale for alpha is already present.
    Adding another scale for alpha, which will replace the existing scale.
    Using Rapid version
    Warning in ClimToProxyClim(clim.signal = clim.in, timepoints = req.timepoints, :
     Timepoint(s) 1, 101 are in the mixed layer
    Joining, by = c("stage", "scale")
    Scale for alpha is already present.
    Adding another scale for alpha, which will replace the existing scale.
    Using Rapid version
    Warning in ClimToProxyClim(clim.signal = clim.in, timepoints = req.timepoints, :
     Timepoint(s) 1, 101 are in the mixed layer
    Using Rapid version
    Warning in ClimToProxyClim(clim.signal = clim.in, timepoints = req.timepoints, :
     Timepoint(s) 1, 101 are in the mixed layer
    Using Rapid version
    Warning in ClimToProxyClim(clim.signal = clim.in, timepoints = req.timepoints, :
     Timepoint(s) 1, 101 are in the mixed layer
    Using Rapid version
    Warning in ClimToProxyClim(clim.signal = clim.in, timepoints = req.timepoints, :
     Timepoint(s) 1, 101 are in the mixed layer
    Using Rapid version
    Warning in ClimToProxyClim(clim.signal = clim.in, timepoints = req.timepoints, :
     Timepoint(s) 1, 101 are in the mixed layer
    `summarise()` has grouped output by 'stage', 'timepoints'. You can override
    using the `.groups` argument.
    `summarise()` has grouped output by 'stage'. You can override using the
    `.groups` argument.
    --- finished re-building 'introduction-to-sedproxy.Rmd'
    
    SUMMARY: processing the following file failed:
     'effect-of-climate-dependent-flux.Rmd'
    
    Error: Vignette re-building failed.
    Execution halted
Flavor: r-devel-linux-x86_64-debian-clang