CRAN Package Check Results for Package secuTrialR

Last updated on 2022-11-27 09:53:39 CET.

Flavor Version Tinstall Tcheck Ttotal Status Flags
r-devel-linux-x86_64-debian-clang 1.0.9 11.26 120.49 131.75 NOTE
r-devel-linux-x86_64-debian-gcc 1.0.9 7.67 88.43 96.10 NOTE
r-devel-linux-x86_64-fedora-clang 1.0.9 171.85 NOTE
r-devel-linux-x86_64-fedora-gcc 1.0.9 159.91 NOTE
r-devel-windows-x86_64 1.0.9 38.00 161.00 199.00 NOTE
r-patched-linux-x86_64 1.0.9 9.52 114.24 123.76 NOTE
r-release-linux-x86_64 1.0.9 7.17 115.35 122.52 NOTE
r-release-macos-arm64 1.0.9 46.00 NOTE
r-release-macos-x86_64 1.0.9 76.00 NOTE
r-release-windows-x86_64 1.0.9 361.00 193.00 554.00 NOTE
r-oldrel-macos-arm64 1.0.9 53.00 NOTE
r-oldrel-macos-x86_64 1.0.9 72.00 NOTE
r-oldrel-windows-ix86+x86_64 1.0.9 21.00 202.00 223.00 NOTE

Check Details

Version: 1.0.9
Check: LazyData
Result: NOTE
     'LazyData' is specified without a 'data' directory
Flavors: r-devel-linux-x86_64-debian-clang, r-devel-linux-x86_64-debian-gcc, r-devel-linux-x86_64-fedora-clang, r-devel-linux-x86_64-fedora-gcc, r-devel-windows-x86_64, r-patched-linux-x86_64, r-release-linux-x86_64, r-release-macos-arm64, r-release-macos-x86_64, r-release-windows-x86_64, r-oldrel-macos-arm64, r-oldrel-macos-x86_64, r-oldrel-windows-ix86+x86_64