CRAN Package Check Results for Package sdcTable

Last updated on 2021-11-29 09:52:51 CET.

Flavor Version Tinstall Tcheck Ttotal Status Flags
r-devel-linux-x86_64-debian-clang 0.32.1 OK
r-devel-linux-x86_64-debian-gcc 0.32.1 59.61 88.42 148.03 OK
r-devel-linux-x86_64-fedora-clang 0.32.1 281.17 NOTE
r-devel-linux-x86_64-fedora-gcc 0.32.1 250.06 NOTE
r-devel-windows-x86_64-new-UL 0.32.1 142.00 210.00 352.00 OK
r-devel-windows-x86_64-new-TK 0.32.1 NOTE
r-devel-windows-x86_64-old 0.32.1 90.00 166.00 256.00 OK
r-patched-linux-x86_64 0.32.1 53.76 110.92 164.68 OK
r-patched-solaris-x86 0.32.1 259.20 NOTE
r-release-linux-x86_64 0.32.1 75.71 112.00 187.71 OK
r-release-macos-arm64 0.32.1 NOTE
r-release-macos-x86_64 0.32.1 NOTE
r-release-windows-ix86+x86_64 0.32.1 178.00 136.00 314.00 NOTE
r-oldrel-macos-x86_64 0.32.1 NOTE
r-oldrel-windows-ix86+x86_64 0.32.1 160.00 194.00 354.00 NOTE

Check Details

Version: 0.32.1
Check: installed package size
Result: NOTE
     installed size is 5.5Mb
     sub-directories of 1Mb or more:
     R 1.3Mb
     libs 3.8Mb
Flavors: r-devel-linux-x86_64-fedora-clang, r-release-macos-arm64, r-release-macos-x86_64, r-release-windows-ix86+x86_64, r-oldrel-macos-x86_64, r-oldrel-windows-ix86+x86_64

Version: 0.32.1
Check: dependencies in R code
Result: NOTE
    Namespace in Imports field not imported from: 'lpSolveAPI'
     All declared Imports should be used.
Flavors: r-devel-linux-x86_64-fedora-clang, r-devel-linux-x86_64-fedora-gcc, r-devel-windows-x86_64-new-TK, r-patched-solaris-x86, r-release-macos-arm64, r-release-macos-x86_64, r-oldrel-macos-x86_64

Version: 0.32.1
Check: Rd cross-references
Result: NOTE
    Undeclared package ‘RegSDC’ in Rd xrefs
Flavor: r-devel-linux-x86_64-fedora-clang