CRAN Package Check Results for Package sdStaf

Last updated on 2022-01-27 09:49:46 CET.

Flavor Version Tinstall Tcheck Ttotal Status Flags
r-devel-linux-x86_64-debian-clang 1.0.2 29.87 299.44 329.31 OK
r-devel-linux-x86_64-debian-gcc 1.0.2 26.44 222.72 249.16 OK
r-devel-linux-x86_64-fedora-clang 1.0.2 424.81 NOTE
r-devel-linux-x86_64-fedora-gcc 1.0.2 386.83 NOTE
r-devel-windows-x86_64-new-UL 1.0.2 35.00 282.00 317.00 OK
r-devel-windows-x86_64-new-TK 1.0.2 NOTE
r-patched-linux-x86_64 1.0.2 27.43 280.82 308.25 OK
r-release-linux-x86_64 1.0.2 28.75 276.10 304.85 OK
r-release-macos-arm64 1.0.2 NOTE
r-release-macos-x86_64 1.0.2 NOTE
r-release-windows-ix86+x86_64 1.0.2 66.00 299.00 365.00 OK
r-oldrel-macos-x86_64 1.0.2 NOTE
r-oldrel-windows-ix86+x86_64 1.0.2 70.00 310.00 380.00 OK

Check Details

Version: 1.0.2
Check: dependencies in R code
Result: NOTE
    Namespaces in Imports field not imported from:
     ‘rgdal’ ‘rgeos’ ‘tidyr’
     All declared Imports should be used.
Flavors: r-devel-linux-x86_64-fedora-clang, r-devel-linux-x86_64-fedora-gcc, r-devel-windows-x86_64-new-TK, r-release-macos-arm64, r-release-macos-x86_64, r-oldrel-macos-x86_64