CRAN Package Check Results for Package scapesClassification

Last updated on 2022-12-07 10:50:10 CET.

Flavor Version Tinstall Tcheck Ttotal Status Flags
r-devel-linux-x86_64-debian-clang 1.0.0 4.74 65.48 70.22 OK
r-devel-linux-x86_64-debian-gcc 1.0.0 2.89 47.28 50.17 OK
r-devel-linux-x86_64-fedora-clang 1.0.0 92.73 OK
r-devel-linux-x86_64-fedora-gcc 1.0.0 101.30 OK
r-devel-windows-x86_64 1.0.0 103.00 99.00 202.00 OK
r-patched-linux-x86_64 1.0.0 5.32 58.19 63.51 OK
r-release-linux-x86_64 1.0.0 3.54 58.36 61.90 OK
r-release-macos-arm64 1.0.0 25.00 OK
r-release-macos-x86_64 1.0.0 35.00 OK
r-release-windows-x86_64 1.0.0 94.00 94.00 188.00 OK
r-oldrel-macos-arm64 1.0.0 30.00 WARN
r-oldrel-macos-x86_64 1.0.0 38.00 WARN
r-oldrel-windows-ix86+x86_64 1.0.0 8.00 85.00 93.00 OK

Check Details

Version: 1.0.0
Check: for executable files
Result: WARN
    Found the following executable file:
     inst/extdata/Azores.dbf
    Source packages should not contain undeclared executable files.
    See section ‘Package structure’ in the ‘Writing R Extensions’ manual.
Flavors: r-oldrel-macos-arm64, r-oldrel-macos-x86_64