CRAN Package Check Results for Package scModels

Last updated on 2022-12-04 09:55:29 CET.

Flavor Version Tinstall Tcheck Ttotal Status Flags
r-devel-linux-x86_64-debian-clang 1.0.3 40.15 120.16 160.31 OK
r-devel-linux-x86_64-debian-gcc 1.0.3 29.09 96.59 125.68 OK
r-devel-linux-x86_64-fedora-clang 1.0.3 234.94 WARN
r-devel-linux-x86_64-fedora-gcc 1.0.3 206.97 OK
r-devel-windows-x86_64 1.0.3 41.00 191.00 232.00 OK
r-patched-linux-x86_64 1.0.3 31.45 113.38 144.83 OK
r-release-linux-x86_64 1.0.3 38.20 117.93 156.13 OK
r-release-macos-arm64 1.0.3 74.00 OK
r-release-macos-x86_64 1.0.3 97.00 OK
r-release-windows-x86_64 1.0.3 125.00 206.00 331.00 OK
r-oldrel-macos-arm64 1.0.3 76.00 OK
r-oldrel-macos-x86_64 1.0.3 98.00 OK
r-oldrel-windows-ix86+x86_64 1.0.3 101.00 502.00 603.00 OK

Check Details

Version: 1.0.3
Check: compiled code
Result: WARN
    File ‘scModels/libs/scModels.so’:
     Found ‘sprintf’, possibly from ‘sprintf’ (C)
     Object: ‘shared.o’
    
    Compiled code should not call entry points which might terminate R nor
    write to stdout/stderr instead of to the console, nor use Fortran I/O
    nor system RNGs nor [v]sprintf.
    
    See ‘Writing portable packages’ in the ‘Writing R Extensions’ manual.
Flavor: r-devel-linux-x86_64-fedora-clang