CRAN Package Check Results for Package scImmuneGraph

Last updated on 2022-11-28 09:50:56 CET.

Flavor Version Tinstall Tcheck Ttotal Status Flags
r-devel-linux-x86_64-debian-clang 1.1.3 10.35 131.67 142.02 OK
r-devel-linux-x86_64-debian-gcc 1.1.3 8.26 95.98 104.24 OK
r-devel-linux-x86_64-fedora-clang 1.1.3 176.11 NOTE
r-devel-linux-x86_64-fedora-gcc 1.1.3 203.28 NOTE
r-devel-windows-x86_64 1.1.3 55.00 164.00 219.00 OK
r-patched-linux-x86_64 1.1.3 9.76 123.92 133.68 OK
r-release-linux-x86_64 1.1.3 6.85 125.53 132.38 OK
r-release-macos-arm64 1.1.3 79.00 NOTE
r-release-macos-x86_64 1.1.3 122.00 NOTE
r-release-windows-x86_64 1.1.3 50.00 165.00 215.00 OK
r-oldrel-macos-arm64 1.1.3 78.00 NOTE
r-oldrel-macos-x86_64 1.1.3 97.00 NOTE
r-oldrel-windows-ix86+x86_64 1.1.3 21.00 157.00 178.00 OK

Check Details

Version: 1.1.3
Check: dependencies in R code
Result: NOTE
    Namespaces in Imports field not imported from:
     ‘BiocStyle’ ‘cowplot’ ‘easypackages’ ‘plyr’ ‘readr’ ‘stringr’
     ‘tidyverse’
     All declared Imports should be used.
Flavors: r-devel-linux-x86_64-fedora-clang, r-devel-linux-x86_64-fedora-gcc, r-release-macos-arm64, r-release-macos-x86_64, r-oldrel-macos-arm64, r-oldrel-macos-x86_64