CRAN Package Check Results for Package satellite

Last updated on 2022-01-24 10:52:11 CET.

Flavor Version Tinstall Tcheck Ttotal Status Flags
r-devel-linux-x86_64-debian-clang 1.0.4 49.65 382.20 431.85 OK
r-devel-linux-x86_64-debian-gcc 1.0.4 41.97 289.93 331.90 OK
r-devel-linux-x86_64-fedora-clang 1.0.4 523.17 OK
r-devel-linux-x86_64-fedora-gcc 1.0.4 508.18 OK
r-devel-windows-x86_64-new-UL 1.0.4 236.00 425.00 661.00 OK
r-devel-windows-x86_64-new-TK 1.0.4 OK
r-patched-linux-x86_64 1.0.4 48.75 382.00 430.75 OK
r-release-linux-x86_64 1.0.4 41.96 377.52 419.48 OK
r-release-macos-arm64 1.0.4 OK
r-release-macos-x86_64 1.0.4 OK
r-release-windows-ix86+x86_64 1.0.4 108.00 631.00 739.00 NOTE
r-oldrel-macos-x86_64 1.0.4 OK
r-oldrel-windows-ix86+x86_64 1.0.4 111.00 651.00 762.00 NOTE

Check Details

Version: 1.0.4
Check: installed package size
Result: NOTE
     installed size is 5.6Mb
     sub-directories of 1Mb or more:
     R 1.6Mb
     extdata 1.3Mb
     libs 2.0Mb
Flavors: r-release-windows-ix86+x86_64, r-oldrel-windows-ix86+x86_64