Last updated on 2023-03-30 09:55:23 CEST.
Flavor | Version | Tinstall | Tcheck | Ttotal | Status | Flags |
---|---|---|---|---|---|---|
r-devel-linux-x86_64-debian-clang | 0.4.5 | 230.36 | 57.63 | 287.99 | NOTE | |
r-devel-linux-x86_64-debian-gcc | 0.4.5 | 183.10 | 44.16 | 227.26 | NOTE | |
r-devel-linux-x86_64-fedora-clang | 0.4.5 | 553.46 | NOTE | |||
r-devel-linux-x86_64-fedora-gcc | 0.4.5 | 397.28 | NOTE | |||
r-patched-linux-x86_64 | 0.4.5 | 186.61 | 60.14 | 246.75 | NOTE | |
r-release-linux-x86_64 | 0.4.5 | 178.05 | 58.85 | 236.90 | NOTE | |
r-release-macos-arm64 | 0.4.5 | 111.00 | NOTE | |||
r-release-macos-x86_64 | 0.4.5 | 144.00 | NOTE | |||
r-release-windows-x86_64 | 0.4.5 | 458.00 | 151.00 | 609.00 | NOTE | |
r-oldrel-macos-arm64 | 0.4.5 | 92.00 | NOTE | |||
r-oldrel-macos-x86_64 | 0.4.5 | 140.00 | NOTE | |||
r-oldrel-windows-ix86+x86_64 | 0.4.5 | 607.00 | 154.00 | 761.00 | NOTE |
Version: 0.4.5
Check: for GNU extensions in Makefiles
Result: NOTE
GNU make is a SystemRequirements.
Flavors: r-devel-linux-x86_64-debian-clang, r-devel-linux-x86_64-debian-gcc, r-devel-linux-x86_64-fedora-clang, r-devel-linux-x86_64-fedora-gcc, r-patched-linux-x86_64, r-release-linux-x86_64, r-release-macos-arm64, r-release-macos-x86_64, r-release-windows-x86_64, r-oldrel-macos-arm64, r-oldrel-macos-x86_64, r-oldrel-windows-ix86+x86_64
Version: 0.4.5
Check: installed package size
Result: NOTE
installed size is 5.3Mb
sub-directories of 1Mb or more:
doc 1.7Mb
libs 3.1Mb
Flavors: r-devel-linux-x86_64-fedora-clang, r-release-macos-arm64, r-release-macos-x86_64, r-release-windows-x86_64, r-oldrel-macos-arm64, r-oldrel-macos-x86_64, r-oldrel-windows-ix86+x86_64
Version: 0.4.5
Check: dependencies in R code
Result: NOTE
Initiating curl with CURL_SSL_BACKEND: openssl
Flavor: r-oldrel-windows-ix86+x86_64