CRAN Package Check Results for Package sanic

Last updated on 2022-12-06 10:52:02 CET.

Flavor Version Tinstall Tcheck Ttotal Status Flags
r-devel-linux-x86_64-debian-clang 0.0.1 113.35 67.98 181.33 OK
r-devel-linux-x86_64-debian-gcc 0.0.1 95.97 57.52 153.49 OK
r-devel-linux-x86_64-fedora-clang 0.0.1 250.04 OK
r-devel-linux-x86_64-fedora-gcc 0.0.1 253.86 OK
r-devel-windows-x86_64 0.0.1 78.00 114.00 192.00 OK
r-patched-linux-x86_64 0.0.1 99.56 70.67 170.23 OK
r-release-linux-x86_64 0.0.1 110.14 70.22 180.36 OK
r-release-macos-arm64 0.0.1 66.00 NOTE
r-release-macos-x86_64 0.0.1 82.00 NOTE
r-release-windows-x86_64 0.0.1 78.00 123.00 201.00 OK
r-oldrel-macos-arm64 0.0.1 74.00 NOTE
r-oldrel-macos-x86_64 0.0.1 125.00 NOTE
r-oldrel-windows-ix86+x86_64 0.0.1 248.00 132.00 380.00 OK

Check Details

Version: 0.0.1
Check: installed package size
Result: NOTE
     installed size is 23.1Mb
     sub-directories of 1Mb or more:
     libs 23.0Mb
Flavors: r-release-macos-arm64, r-release-macos-x86_64, r-oldrel-macos-arm64, r-oldrel-macos-x86_64