CRAN Package Check Results for Package sambia

Last updated on 2023-01-27 10:50:28 CET.

Flavor Version Tinstall Tcheck Ttotal Status Flags
r-devel-linux-x86_64-debian-clang 0.1.0 10.79 107.90 118.69 NOTE
r-devel-linux-x86_64-debian-gcc 0.1.0 8.80 77.94 86.74 NOTE
r-devel-linux-x86_64-fedora-clang 0.1.0 142.65 NOTE
r-devel-linux-x86_64-fedora-gcc 0.1.0 144.34 NOTE
r-patched-linux-x86_64 0.1.0 11.88 101.69 113.57 NOTE
r-release-linux-x86_64 0.1.0 9.11 101.20 110.31 NOTE
r-release-macos-arm64 0.1.0 38.00 NOTE
r-release-macos-x86_64 0.1.0 73.00 NOTE
r-release-windows-x86_64 0.1.0 20.00 128.00 148.00 NOTE
r-oldrel-macos-arm64 0.1.0 46.00 NOTE
r-oldrel-macos-x86_64 0.1.0 63.00 NOTE
r-oldrel-windows-ix86+x86_64 0.1.0 25.00 125.00 150.00 NOTE

Check Details

Version: 0.1.0
Check: LazyData
Result: NOTE
     'LazyData' is specified without a 'data' directory
Flavors: r-devel-linux-x86_64-debian-clang, r-devel-linux-x86_64-debian-gcc, r-devel-linux-x86_64-fedora-clang, r-devel-linux-x86_64-fedora-gcc, r-patched-linux-x86_64, r-release-linux-x86_64, r-release-macos-arm64, r-release-macos-x86_64, r-release-windows-x86_64, r-oldrel-macos-arm64, r-oldrel-macos-x86_64, r-oldrel-windows-ix86+x86_64