Last updated on 2023-03-21 10:52:25 CET.
Flavor | Version | Tinstall | Tcheck | Ttotal | Status | Flags |
---|---|---|---|---|---|---|
r-devel-linux-x86_64-debian-clang | 1.0.1 | 24.73 | 190.72 | 215.45 | OK | |
r-devel-linux-x86_64-debian-gcc | 1.0.1 | 18.01 | 141.71 | 159.72 | OK | |
r-devel-linux-x86_64-fedora-clang | 1.0.1 | 273.28 | OK | |||
r-devel-linux-x86_64-fedora-gcc | 1.0.1 | 258.07 | OK | |||
r-patched-linux-x86_64 | 1.0.1 | 20.11 | 153.05 | 173.16 | OK | |
r-release-linux-x86_64 | 1.0.1 | 14.04 | 152.07 | 166.11 | OK | |
r-release-macos-arm64 | 1.0.1 | 65.00 | OK | |||
r-release-macos-x86_64 | 1.0.1 | 111.00 | OK | |||
r-release-windows-x86_64 | 1.0.1 | 252.00 | 216.00 | 468.00 | OK | |
r-oldrel-macos-arm64 | 1.0.1 | 69.00 | OK | |||
r-oldrel-macos-x86_64 | 1.0.1 | 109.00 | OK | |||
r-oldrel-windows-ix86+x86_64 | 1.0.1 | 40.00 | 207.00 | 247.00 | WARN |
Version: 1.0.1
Check: R code for possible problems
Result: NOTE
Initiating curl with CURL_SSL_BACKEND: openssl
Flavor: r-oldrel-windows-ix86+x86_64
Version: 1.0.1
Check: for unstated dependencies in ‘tests’
Result: WARN
Warning: unable to access index for repository https://bioconductor.org/packages/3.14/bioc/src/contrib:
cannot open URL 'https://bioconductor.org/packages/3.14/bioc/src/contrib/PACKAGES'
Warning: unable to access index for repository https://bioconductor.org/packages/3.14/data/annotation/src/contrib:
cannot open URL 'https://bioconductor.org/packages/3.14/data/annotation/src/contrib/PACKAGES'
Warning: unable to access index for repository https://bioconductor.org/packages/3.14/data/experiment/src/contrib:
cannot open URL 'https://bioconductor.org/packages/3.14/data/experiment/src/contrib/PACKAGES'
Flavor: r-oldrel-windows-ix86+x86_64