Last updated on 2023-03-24 10:54:19 CET.
Flavor | Version | Tinstall | Tcheck | Ttotal | Status | Flags |
---|---|---|---|---|---|---|
r-devel-linux-x86_64-debian-clang | 2.1.1 | 13.94 | 125.89 | 139.83 | OK | |
r-devel-linux-x86_64-debian-gcc | 2.1.1 | 8.58 | 91.93 | 100.51 | OK | |
r-devel-linux-x86_64-fedora-clang | 2.1.1 | 175.34 | OK | |||
r-devel-linux-x86_64-fedora-gcc | 2.1.1 | 176.70 | OK | |||
r-patched-linux-x86_64 | 2.1.1 | 15.64 | 123.93 | 139.57 | OK | |
r-release-linux-x86_64 | 2.1.1 | 13.09 | 120.14 | 133.23 | OK | |
r-release-macos-arm64 | 2.1.1 | 70.00 | OK | |||
r-release-macos-x86_64 | 2.1.1 | 76.00 | OK | |||
r-release-windows-x86_64 | 2.1.1 | 141.00 | 158.00 | 299.00 | OK | |
r-oldrel-macos-arm64 | 2.1.1 | 60.00 | OK | |||
r-oldrel-macos-x86_64 | 2.1.1 | 99.00 | OK | |||
r-oldrel-windows-ix86+x86_64 | 2.1.1 | 33.00 | 193.00 | 226.00 | NOTE |
Version: 2.1.1
Check: R code for possible problems
Result: NOTE
Initiating curl with CURL_SSL_BACKEND: openssl
Flavor: r-oldrel-windows-ix86+x86_64