CRAN Package Check Results for Package rwunderground

Last updated on 2022-12-09 10:00:33 CET.

Flavor Version Tinstall Tcheck Ttotal Status Flags
r-devel-linux-x86_64-debian-clang 0.1.8 3.53 34.82 38.35 NOTE
r-devel-linux-x86_64-debian-gcc 0.1.8 2.51 29.14 31.65 NOTE
r-devel-linux-x86_64-fedora-clang 0.1.8 57.90 NOTE
r-devel-linux-x86_64-fedora-gcc 0.1.8 56.25 NOTE
r-devel-windows-x86_64 0.1.8 36.00 83.00 119.00 NOTE
r-patched-linux-x86_64 0.1.8 3.29 31.95 35.24 NOTE
r-release-linux-x86_64 0.1.8 2.89 32.63 35.52 NOTE
r-release-macos-arm64 0.1.8 19.00 NOTE
r-release-macos-x86_64 0.1.8 33.00 NOTE
r-release-windows-x86_64 0.1.8 55.00 73.00 128.00 NOTE
r-oldrel-macos-arm64 0.1.8 23.00 NOTE
r-oldrel-macos-x86_64 0.1.8 27.00 NOTE
r-oldrel-windows-ix86+x86_64 0.1.8 9.00 56.00 65.00 NOTE

Check Details

Version: 0.1.8
Check: LazyData
Result: NOTE
     'LazyData' is specified without a 'data' directory
Flavors: r-devel-linux-x86_64-debian-clang, r-devel-linux-x86_64-debian-gcc, r-devel-linux-x86_64-fedora-clang, r-devel-linux-x86_64-fedora-gcc, r-devel-windows-x86_64, r-patched-linux-x86_64, r-release-linux-x86_64, r-release-macos-arm64, r-release-macos-x86_64, r-release-windows-x86_64, r-oldrel-macos-arm64, r-oldrel-macos-x86_64, r-oldrel-windows-ix86+x86_64