CRAN Package Check Results for Package rwebstat

Last updated on 2022-11-29 09:52:25 CET.

Flavor Version Tinstall Tcheck Ttotal Status Flags
r-devel-linux-x86_64-debian-clang 1.1.0 6.66 58.11 64.77 NOTE
r-devel-linux-x86_64-debian-gcc 1.1.0 4.68 42.29 46.97 NOTE
r-devel-linux-x86_64-fedora-clang 1.1.0 88.66 NOTE
r-devel-linux-x86_64-fedora-gcc 1.1.0 83.72 NOTE
r-devel-windows-x86_64 1.1.0 22.00 88.00 110.00 NOTE
r-patched-linux-x86_64 1.1.0 5.73 52.74 58.47 NOTE
r-release-linux-x86_64 1.1.0 3.81 54.31 58.12 NOTE
r-release-macos-arm64 1.1.0 26.00 NOTE
r-release-macos-x86_64 1.1.0 46.00 NOTE
r-release-windows-x86_64 1.1.0 20.00 84.00 104.00 NOTE
r-oldrel-macos-arm64 1.1.0 30.00 NOTE
r-oldrel-macos-x86_64 1.1.0 37.00 NOTE
r-oldrel-windows-ix86+x86_64 1.1.0 15.00 77.00 92.00 NOTE

Additional issues

donttest

Check Details

Version: 1.1.0
Check: LazyData
Result: NOTE
     'LazyData' is specified without a 'data' directory
Flavors: r-devel-linux-x86_64-debian-clang, r-devel-linux-x86_64-debian-gcc, r-devel-linux-x86_64-fedora-clang, r-devel-linux-x86_64-fedora-gcc, r-devel-windows-x86_64, r-patched-linux-x86_64, r-release-linux-x86_64, r-release-macos-arm64, r-release-macos-x86_64, r-release-windows-x86_64, r-oldrel-macos-arm64, r-oldrel-macos-x86_64, r-oldrel-windows-ix86+x86_64

Version: 1.1.0
Check: dependencies in R code
Result: NOTE
    Namespace in Imports field not imported from: ‘htmltools’
     All declared Imports should be used.
Flavors: r-devel-linux-x86_64-fedora-clang, r-devel-linux-x86_64-fedora-gcc, r-release-macos-arm64, r-release-macos-x86_64, r-oldrel-macos-arm64, r-oldrel-macos-x86_64