Last updated on 2022-06-24 09:52:55 CEST.
Flavor | Version | Tinstall | Tcheck | Ttotal | Status | Flags |
---|---|---|---|---|---|---|
r-devel-linux-x86_64-debian-clang | 0.1.3 | 3.19 | 30.38 | 33.57 | OK | |
r-devel-linux-x86_64-debian-gcc | 0.1.3 | 2.23 | 23.49 | 25.72 | OK | |
r-devel-linux-x86_64-fedora-clang | 0.1.3 | 55.58 | NOTE | |||
r-devel-linux-x86_64-fedora-gcc | 0.1.3 | 51.27 | NOTE | |||
r-devel-windows-x86_64 | 0.1.3 | 23.00 | 58.00 | 81.00 | OK | |
r-patched-linux-x86_64 | 0.1.3 | 3.07 | 28.77 | 31.84 | OK | |
r-release-linux-x86_64 | 0.1.3 | 3.27 | 29.27 | 32.54 | OK | |
r-release-macos-arm64 | 0.1.3 | 18.00 | OK | |||
r-release-macos-x86_64 | 0.1.3 | 24.00 | OK | |||
r-release-windows-x86_64 | 0.1.3 | 23.00 | 57.00 | 80.00 | OK | |
r-oldrel-macos-arm64 | 0.1.3 | 18.00 | OK | |||
r-oldrel-macos-x86_64 | 0.1.3 | 26.00 | OK | |||
r-oldrel-windows-ix86+x86_64 | 0.1.3 | 7.00 | 49.00 | 56.00 | OK |
Version: 0.1.3
Check: package dependencies
Result: NOTE
Package suggested but not available for checking: ‘RQuantLib’
Flavors: r-devel-linux-x86_64-fedora-clang, r-devel-linux-x86_64-fedora-gcc