CRAN Package Check Results for Package rts2

Last updated on 2022-11-26 10:00:52 CET.

Flavor Version Tinstall Tcheck Ttotal Status Flags
r-devel-linux-x86_64-debian-clang 0.4 366.96 120.58 487.54 NOTE
r-devel-linux-x86_64-debian-gcc 0.4 337.92 107.46 445.38 NOTE
r-devel-linux-x86_64-fedora-clang 0.4 629.06 NOTE
r-devel-linux-x86_64-fedora-gcc 0.4 751.78 NOTE
r-devel-windows-x86_64 0.4 1163.00 202.00 1365.00 NOTE
r-patched-linux-x86_64 0.4 NOTE
r-release-linux-x86_64 0.4 259.20 129.93 389.13 NOTE
r-release-macos-arm64 0.4 175.00 NOTE
r-release-macos-x86_64 0.4 232.00 NOTE
r-release-windows-x86_64 0.4 550.00 200.00 750.00 NOTE
r-oldrel-macos-arm64 0.4 200.00 NOTE
r-oldrel-macos-x86_64 0.4 233.00 NOTE
r-oldrel-windows-ix86+x86_64 0.4 823.00 239.00 1062.00 NOTE

Check Details

Version: 0.4
Check: package dependencies
Result: NOTE
    Package suggested but not available for checking: 'cmdstanr'
Flavors: r-devel-linux-x86_64-debian-clang, r-devel-linux-x86_64-debian-gcc, r-devel-linux-x86_64-fedora-clang, r-devel-linux-x86_64-fedora-gcc, r-devel-windows-x86_64, r-patched-linux-x86_64, r-release-linux-x86_64, r-release-macos-arm64, r-release-macos-x86_64, r-release-windows-x86_64, r-oldrel-macos-arm64, r-oldrel-macos-x86_64, r-oldrel-windows-ix86+x86_64

Version: 0.4
Check: Rd cross-references
Result: NOTE
    Unknown package 'cmdstanr' in Rd xrefs
Flavors: r-devel-linux-x86_64-debian-clang, r-devel-linux-x86_64-debian-gcc, r-devel-linux-x86_64-fedora-clang, r-devel-linux-x86_64-fedora-gcc, r-devel-windows-x86_64, r-patched-linux-x86_64, r-release-linux-x86_64, r-release-macos-arm64, r-release-macos-x86_64, r-release-windows-x86_64, r-oldrel-macos-arm64, r-oldrel-macos-x86_64, r-oldrel-windows-ix86+x86_64

Version: 0.4
Check: for GNU extensions in Makefiles
Result: NOTE
    GNU make is a SystemRequirements.
Flavors: r-devel-linux-x86_64-debian-clang, r-devel-linux-x86_64-debian-gcc, r-devel-linux-x86_64-fedora-clang, r-devel-linux-x86_64-fedora-gcc, r-devel-windows-x86_64, r-patched-linux-x86_64, r-release-linux-x86_64, r-release-macos-arm64, r-release-macos-x86_64, r-release-windows-x86_64, r-oldrel-macos-arm64, r-oldrel-macos-x86_64, r-oldrel-windows-ix86+x86_64

Version: 0.4
Check: dependencies in R code
Result: NOTE
    Namespaces in Imports field not imported from:
     ‘RcppParallel’ ‘lubridate’ ‘rstantools’
     All declared Imports should be used.
Flavors: r-devel-linux-x86_64-fedora-clang, r-devel-linux-x86_64-fedora-gcc, r-release-macos-arm64, r-release-macos-x86_64, r-oldrel-macos-arm64, r-oldrel-macos-x86_64

Version: 0.4
Check: installed package size
Result: NOTE
     installed size is 58.1Mb
     sub-directories of 1Mb or more:
     libs 57.8Mb
Flavors: r-release-macos-arm64, r-release-macos-x86_64, r-oldrel-macos-arm64, r-oldrel-macos-x86_64, r-oldrel-windows-ix86+x86_64