Last updated on 2022-05-25 10:53:28 CEST.
Flavor | Version | Tinstall | Tcheck | Ttotal | Status | Flags |
---|---|---|---|---|---|---|
r-devel-linux-x86_64-debian-clang | 0.4-14.1 | 2.55 | 57.36 | 59.91 | NOTE | |
r-devel-linux-x86_64-debian-gcc | 0.4-14.1 | 2.88 | 44.82 | 47.70 | NOTE | |
r-devel-linux-x86_64-fedora-clang | 0.4-14.1 | 76.85 | NOTE | |||
r-devel-linux-x86_64-fedora-gcc | 0.4-14.1 | 62.99 | NOTE | |||
r-devel-windows-x86_64 | 0.4-14.1 | 15.00 | 87.00 | 102.00 | OK | |
r-patched-linux-x86_64 | 0.4-14.1 | 4.16 | 55.32 | 59.48 | NOTE | |
r-release-linux-x86_64 | 0.4-14.1 | NOTE | ||||
r-release-macos-arm64 | 0.4-14.1 | 29.00 | OK | |||
r-release-macos-x86_64 | 0.4-14.1 | 41.00 | OK | |||
r-release-windows-x86_64 | 0.4-14.1 | 23.00 | 85.00 | 108.00 | OK | |
r-oldrel-macos-arm64 | 0.4-14.1 | 34.00 | OK | |||
r-oldrel-macos-x86_64 | 0.4-14.1 | 53.00 | OK | |||
r-oldrel-windows-ix86+x86_64 | 0.4-14.1 | 7.00 | 69.00 | 76.00 | OK |
Version: 0.4-14.1
Check: for non-standard things in the check directory
Result: NOTE
Found the following files/directories:
'test_addPageBreak.doc' 'test_addPlot.doc' 'test_addSessionInfo.doc'
'test_addTable.doc'
Flavors: r-devel-linux-x86_64-debian-clang, r-devel-linux-x86_64-debian-gcc, r-devel-linux-x86_64-fedora-clang, r-devel-linux-x86_64-fedora-gcc, r-patched-linux-x86_64, r-release-linux-x86_64