Last updated on 2022-05-28 10:50:55 CEST.
Flavor | Version | Tinstall | Tcheck | Ttotal | Status | Flags |
---|---|---|---|---|---|---|
r-devel-linux-x86_64-debian-clang | 2.2.0 | 3.31 | 51.10 | 54.41 | OK | |
r-devel-linux-x86_64-debian-gcc | 2.2.0 | 2.47 | 39.16 | 41.63 | OK | |
r-devel-linux-x86_64-fedora-clang | 2.2.0 | 66.66 | NOTE | |||
r-devel-linux-x86_64-fedora-gcc | 2.2.0 | 65.59 | NOTE | |||
r-devel-windows-x86_64 | 2.2.0 | 71.00 | 82.00 | 153.00 | OK | |
r-patched-linux-x86_64 | 2.2.0 | 5.46 | 49.70 | 55.16 | OK | |
r-release-linux-x86_64 | 2.2.0 | 3.10 | 49.31 | 52.41 | OK | |
r-release-macos-arm64 | 2.2.0 | 20.00 | NOTE | |||
r-release-macos-x86_64 | 2.2.0 | 33.00 | NOTE | |||
r-release-windows-x86_64 | 2.2.0 | 72.00 | 81.00 | 153.00 | OK | |
r-oldrel-macos-arm64 | 2.2.0 | 21.00 | NOTE | |||
r-oldrel-macos-x86_64 | 2.2.0 | 32.00 | NOTE | |||
r-oldrel-windows-ix86+x86_64 | 2.2.0 | 6.00 | 63.00 | 69.00 | OK |
Version: 2.2.0
Check: dependencies in R code
Result: NOTE
Namespace in Imports field not imported from: ‘RcppParallel’
All declared Imports should be used.
Flavors: r-devel-linux-x86_64-fedora-clang, r-devel-linux-x86_64-fedora-gcc, r-release-macos-arm64, r-release-macos-x86_64, r-oldrel-macos-arm64, r-oldrel-macos-x86_64