CRAN Package Check Results for Package rsolr

Last updated on 2022-05-26 09:53:31 CEST.

Flavor Version Tinstall Tcheck Ttotal Status Flags
r-devel-linux-x86_64-debian-clang 0.0.13 40.99 214.21 255.20 OK
r-devel-linux-x86_64-debian-gcc 0.0.13 33.58 178.34 211.92 OK
r-devel-linux-x86_64-fedora-clang 0.0.13 158.24 OK
r-devel-linux-x86_64-fedora-gcc 0.0.13 1022.74 ERROR
r-devel-windows-x86_64 0.0.13 214.00 363.00 577.00 OK
r-patched-linux-x86_64 0.0.13 35.96 206.40 242.36 OK
r-release-linux-x86_64 0.0.13 OK
r-release-macos-arm64 0.0.13 135.00 OK
r-release-macos-x86_64 0.0.13 155.00 OK
r-release-windows-x86_64 0.0.13 223.00 370.00 593.00 OK
r-oldrel-macos-arm64 0.0.13 125.00 OK
r-oldrel-macos-x86_64 0.0.13 151.00 OK
r-oldrel-windows-ix86+x86_64 0.0.13 67.00 312.00 379.00 OK

Additional issues

ATLAS MKL noLD OpenBLAS

Check Details

Version: 0.0.13
Check: tests
Result: ERROR
     Running ‘rsolr_unit_tests.R’ [13m/90m]
    Running the tests in ‘tests/rsolr_unit_tests.R’ failed.
    Complete output:
     > rsolr:::.test()
     Starting Solr...
     Use options(verbose=TRUE) to diagnose any problems.
     Solr not found
     Solr installation not found, installing...
     % Total % Received % Xferd Average Speed Time Time Time Current
     Dload Upload Total Spent Left Speed
    
     0 0 0 0 0 0 0 0 --:--:-- --:--:-- --:--:-- 0
     0 0 0 0 0 0 0 0 --:--:-- --:--:-- --:--:-- 0
    
     0 0 0 0 0 0 0 0 --:--:-- --:--:-- --:--:-- 0
    
     0 144M 0 9637 0 0 9823 0 4:17:33 --:--:-- 4:17:33 9823
     8 144M 8 12.7M 0 0 7098k 0 0:00:20 0:00:01 0:00:19 14.7M
     20 144M 20 30.3M 0 0 10.5M 0 0:00:13 0:00:02 0:00:11 15.9M
     32 144M 32 46.5M 0 0 12.2M 0 0:00:11 0:00:03 0:00:08 16.4M
     44 144M 44 64.0M 0 0 13.2M 0 0:00:10 0:00:04 0:00:06 16.6M
     60 144M 60 87.0M 0 0 15.0M 0 0:00:09 0:00:05 0:00:04 18.0M
     73 144M 73 105M 0 0 15.5M 0 0:00:09 0:00:06 0:00:03 18.6M
     82 144M 82 119M 0 0 15.2M 0 0:00:09 0:00:07 0:00:02 17.9M
     91 144M 91 132M 0 0 14.9M 0 0:00:09 0:00:08 0:00:01 17.0M
     97 144M 97 140M 0 0 14.2M 0 0:00:10 0:00:09 0:00:01 15.2M
     100 144M 100 144M 0 0 13.8M 0 0:00:10 0:00:10 --:--:-- 12.4M
     WARNING: An illegal reflective access operation has occurred
     WARNING: Illegal reflective access by org.xnio.nio.NioXnio$2 (file:/data/gannet/ripley/.local/share/R/rsolr/solr-undertow-1.6.0-with-solr-5.5.0/lib/xnio-nio-3.3.4.Final.jar) to constructor sun.nio.ch.EPollSelectorProvider()
     WARNING: Please consider reporting this to the maintainers of org.xnio.nio.NioXnio$2
     WARNING: Use --illegal-access=warn to enable warnings of further illegal reflective access operations
     WARNING: All illegal access operations will be denied in a future release
     Solr started at: http://localhost:8983/solr/techproducts
    
     Attaching package: 'BiocGenerics'
    
     The following objects are masked from 'package:stats':
    
     IQR, mad, sd, var, xtabs
    
     The following objects are masked from 'package:base':
    
     Filter, Find, Map, Position, Reduce, anyDuplicated, append,
     as.data.frame, basename, cbind, colnames, dirname, do.call,
     duplicated, eval, evalq, get, grep, grepl, intersect, is.unsorted,
     lapply, mapply, match, mget, order, paste, pmax, pmax.int, pmin,
     pmin.int, rank, rbind, rownames, sapply, setdiff, sort, table,
     tapply, union, unique, unsplit, which.max, which.min
    
    
     Attaching package: 'rsolr'
    
     The following object is masked from 'package:stats':
    
     ftable
    
     The following object is masked from 'package:base':
    
     grouping
    
     Error in x$.self$finalize() : attempt to apply non-function
     Error in x$.self$finalize() : attempt to apply non-function
     Error in x$.self$finalize() : attempt to apply non-function
     Error in x$.self$finalize() : attempt to apply non-function
     Error in x$.self$finalize() : attempt to apply non-function
     Error in x$.self$finalize() : attempt to apply non-function
     Error in x$.self$finalize() : attempt to apply non-function
     Error in x$.self$finalize() : attempt to apply non-function
     Error in x$.self$finalize() : attempt to apply non-function
     Error in x$.self$finalize() : attempt to apply non-function
     Error in x$.self$finalize() : attempt to apply non-function
     Error in x$.self$finalize() : attempt to apply non-function
     Error in x$.self$finalize() : attempt to apply non-function
     Error in x$.self$finalize() : attempt to apply non-function
     Error in x$.self$finalize() : attempt to apply non-function
     Error in x$.self$finalize() : attempt to apply non-function
     Error in x$.self$finalize() : attempt to apply non-function
     Error in x$.self$finalize() : attempt to apply non-function
     Error in x$.self$finalize() : attempt to apply non-function
     Starting Solr...
     Use options(verbose=TRUE) to diagnose any problems.
     WARNING: An illegal reflective access operation has occurred
     WARNING: Illegal reflective access by org.xnio.nio.NioXnio$2 (file:/data/gannet/ripley/.local/share/R/rsolr/solr-undertow-1.6.0-with-solr-5.5.0/lib/xnio-nio-3.3.4.Final.jar) to constructor sun.nio.ch.EPollSelectorProvider()
     WARNING: Please consider reporting this to the maintainers of org.xnio.nio.NioXnio$2
     WARNING: Use --illegal-access=warn to enable warnings of further illegal reflective access operations
     WARNING: All illegal access operations will be denied in a future release
     Solr started at: http://localhost:8983/solr/Cars93
     Starting Solr...
     Use options(verbose=TRUE) to diagnose any problems.
     WARNING: An illegal reflective access operation has occurred
     WARNING: Illegal reflective access by org.xnio.nio.NioXnio$2 (file:/data/gannet/ripley/.local/share/R/rsolr/solr-undertow-1.6.0-with-solr-5.5.0/lib/xnio-nio-3.3.4.Final.jar) to constructor sun.nio.ch.EPollSelectorProvider()
     WARNING: Please consider reporting this to the maintainers of org.xnio.nio.NioXnio$2
     WARNING: Use --illegal-access=warn to enable warnings of further illegal reflective access operations
     WARNING: All illegal access operations will be denied in a future release
    
     Timing stopped at: 745.1 17.98 5320
     Execution halted
     rm: traversal failed: /tmp/Rtmp948HqL/working_dir/RtmpQZUR3L: Too many open files
     Warning message:
     In solr$kill() : Test solr not running
Flavor: r-devel-linux-x86_64-fedora-gcc

Version: 0.0.13
Check: re-building of vignette outputs
Result: ERROR
    Error(s) in re-building vignettes:
    --- re-building ‘intro.Rnw’ using knitr
    Quitting from lines 122-123 (intro.Rnw)
    Error: processing vignette 'intro.Rnw' failed with diagnostics:
    Failed to retrieve schema.
    rsolr requires schema via REST or as XML from admin module.
    Error from REST: Error in (function (cond) : error in evaluating the argument 'X' in selecting a method for function 'lapply': Not Found
    
    
    --- failed re-building ‘intro.Rnw’
    
    SUMMARY: processing the following file failed:
     ‘intro.Rnw’
    
    Error: Vignette re-building failed.
    Execution halted
Flavor: r-devel-linux-x86_64-fedora-gcc