CRAN Package Check Results for Package rslp

Last updated on 2023-03-31 10:51:29 CEST.

Flavor Version Tinstall Tcheck Ttotal Status Flags
r-devel-linux-x86_64-debian-clang 0.2.0 2.14 29.65 31.79 NOTE
r-devel-linux-x86_64-debian-gcc 0.2.0 1.81 23.14 24.95 NOTE
r-devel-linux-x86_64-fedora-clang 0.2.0 40.06 NOTE
r-devel-linux-x86_64-fedora-gcc 0.2.0 38.05 NOTE
r-patched-linux-x86_64 0.2.0 2.40 29.50 31.90 NOTE
r-release-linux-x86_64 0.2.0 2.33 29.80 32.13 NOTE
r-release-macos-arm64 0.2.0 20.00 NOTE
r-release-macos-x86_64 0.2.0 25.00 NOTE
r-release-windows-x86_64 0.2.0 15.00 65.00 80.00 NOTE
r-oldrel-macos-arm64 0.2.0 20.00 NOTE
r-oldrel-macos-x86_64 0.2.0 29.00 NOTE
r-oldrel-windows-ix86+x86_64 0.2.0 6.00 55.00 61.00 NOTE

Check Details

Version: 0.2.0
Check: LazyData
Result: NOTE
     'LazyData' is specified without a 'data' directory
Flavors: r-devel-linux-x86_64-debian-clang, r-devel-linux-x86_64-debian-gcc, r-devel-linux-x86_64-fedora-clang, r-devel-linux-x86_64-fedora-gcc, r-patched-linux-x86_64, r-release-linux-x86_64, r-release-macos-arm64, r-release-macos-x86_64, r-release-windows-x86_64, r-oldrel-macos-arm64, r-oldrel-macos-x86_64, r-oldrel-windows-ix86+x86_64