CRAN Package Check Results for Package rpms

Last updated on 2021-11-29 09:52:50 CET.

Flavor Version Tinstall Tcheck Ttotal Status Flags
r-devel-linux-x86_64-debian-clang 0.5.1 OK
r-devel-linux-x86_64-debian-gcc 0.5.1 61.77 42.18 103.95 OK
r-devel-linux-x86_64-fedora-clang 0.5.1 201.47 NOTE
r-devel-linux-x86_64-fedora-gcc 0.5.1 184.85 OK
r-devel-windows-x86_64-new-UL 0.5.1 109.00 121.00 230.00 NOTE
r-devel-windows-x86_64-new-TK 0.5.1 OK
r-devel-windows-x86_64-old 0.5.1 73.00 87.00 160.00 NOTE
r-patched-linux-x86_64 0.5.1 66.61 52.78 119.39 OK
r-patched-solaris-x86 0.5.1 194.90 OK
r-release-linux-x86_64 0.5.1 72.86 52.56 125.42 OK
r-release-macos-arm64 0.5.1 NOTE
r-release-macos-x86_64 0.5.1 NOTE
r-release-windows-ix86+x86_64 0.5.1 194.00 93.00 287.00 NOTE
r-oldrel-macos-x86_64 0.5.1 NOTE
r-oldrel-windows-ix86+x86_64 0.5.1 147.00 123.00 270.00 NOTE

Check Details

Version: 0.5.1
Check: installed package size
Result: NOTE
     installed size is 9.1Mb
     sub-directories of 1Mb or more:
     data 2.4Mb
     libs 5.2Mb
Flavors: r-devel-linux-x86_64-fedora-clang, r-devel-windows-x86_64-new-UL, r-devel-windows-x86_64-old, r-release-macos-arm64, r-release-macos-x86_64, r-release-windows-ix86+x86_64, r-oldrel-macos-x86_64, r-oldrel-windows-ix86+x86_64