CRAN Package Check Results for Package rpdo

Last updated on 2022-09-26 10:51:24 CEST.

Flavor Version Tinstall Tcheck Ttotal Status Flags
r-devel-linux-x86_64-debian-clang 0.3.1 2.89 34.48 37.37 OK
r-devel-linux-x86_64-debian-gcc 0.3.1 2.23 27.10 29.33 OK
r-devel-linux-x86_64-fedora-clang 0.3.1 56.39 NOTE
r-devel-linux-x86_64-fedora-gcc 0.3.1 53.93 OK
r-devel-windows-x86_64 0.3.1 13.00 63.00 76.00 OK
r-patched-linux-x86_64 0.3.1 2.09 33.49 35.58 OK
r-release-linux-x86_64 0.3.1 2.48 32.86 35.34 OK
r-release-macos-arm64 0.3.1 20.00 OK
r-release-macos-x86_64 0.3.1 28.00 OK
r-release-windows-x86_64 0.3.1 12.00 63.00 75.00 OK
r-oldrel-macos-arm64 0.3.1 27.00 OK
r-oldrel-macos-x86_64 0.3.1 32.00 OK
r-oldrel-windows-ix86+x86_64 0.3.1 8.00 60.00 68.00 OK

Check Details

Version: 0.3.1
Check: Rd cross-references
Result: NOTE
    Undeclared package ‘rsoi’ in Rd xrefs
Flavor: r-devel-linux-x86_64-fedora-clang