CRAN Package Check Results for Package rotl

Last updated on 2021-12-01 09:54:40 CET.

Flavor Version Tinstall Tcheck Ttotal Status Flags
r-devel-linux-x86_64-debian-clang 3.0.11 7.53 71.58 79.11 NOTE
r-devel-linux-x86_64-debian-gcc 3.0.11 5.98 55.88 61.86 NOTE
r-devel-linux-x86_64-fedora-clang 3.0.11 106.50 NOTE
r-devel-linux-x86_64-fedora-gcc 3.0.11 92.90 NOTE
r-devel-windows-x86_64-new-UL 3.0.11 21.00 165.00 186.00 NOTE
r-devel-windows-x86_64-new-TK 3.0.11 NOTE
r-devel-windows-x86_64-old 3.0.11 12.00 119.00 131.00 NOTE
r-patched-linux-x86_64 3.0.11 7.07 70.59 77.66 NOTE
r-patched-solaris-x86 3.0.11 112.20 NOTE
r-release-linux-x86_64 3.0.11 6.77 70.29 77.06 NOTE
r-release-macos-arm64 3.0.11 NOTE
r-release-macos-x86_64 3.0.11 NOTE
r-release-windows-ix86+x86_64 3.0.11 15.00 139.00 154.00 NOTE
r-oldrel-macos-x86_64 3.0.11 OK
r-oldrel-windows-ix86+x86_64 3.0.11 12.00 107.00 119.00 OK

Check Details

Version: 3.0.11
Check: package dependencies
Result: NOTE
    Package suggested but not available for checking: 'fulltext'
Flavors: r-devel-linux-x86_64-debian-clang, r-devel-linux-x86_64-debian-gcc, r-devel-linux-x86_64-fedora-clang, r-devel-linux-x86_64-fedora-gcc, r-devel-windows-x86_64-new-TK, r-patched-linux-x86_64, r-patched-solaris-x86, r-release-linux-x86_64

Version: 3.0.11
Check: LazyData
Result: NOTE
     'LazyData' is specified without a 'data' directory
Flavors: r-devel-linux-x86_64-debian-clang, r-devel-linux-x86_64-debian-gcc, r-devel-linux-x86_64-fedora-clang, r-devel-linux-x86_64-fedora-gcc, r-devel-windows-x86_64-new-UL, r-devel-windows-x86_64-new-TK, r-devel-windows-x86_64-old, r-patched-linux-x86_64, r-patched-solaris-x86, r-release-linux-x86_64, r-release-macos-arm64, r-release-macos-x86_64, r-release-windows-ix86+x86_64