CRAN Package Check Results for Package rolldown

Last updated on 2022-11-26 10:00:52 CET.

Flavor Version Tinstall Tcheck Ttotal Status Flags
r-devel-linux-x86_64-debian-clang 0.1 2.47 33.67 36.14 NOTE
r-devel-linux-x86_64-debian-gcc 0.1 2.12 26.73 28.85 NOTE
r-devel-linux-x86_64-fedora-clang 0.1 57.31 NOTE
r-devel-linux-x86_64-fedora-gcc 0.1 54.31 NOTE
r-devel-windows-x86_64 0.1 13.00 73.00 86.00 NOTE
r-patched-linux-x86_64 0.1 NOTE
r-release-linux-x86_64 0.1 2.65 32.01 34.66 NOTE
r-release-macos-arm64 0.1 18.00 NOTE
r-release-macos-x86_64 0.1 26.00 NOTE
r-release-windows-x86_64 0.1 22.00 72.00 94.00 NOTE
r-oldrel-macos-arm64 0.1 25.00 NOTE
r-oldrel-macos-x86_64 0.1 33.00 NOTE
r-oldrel-windows-ix86+x86_64 0.1 8.00 59.00 67.00 NOTE

Check Details

Version: 0.1
Check: LazyData
Result: NOTE
     'LazyData' is specified without a 'data' directory
Flavors: r-devel-linux-x86_64-debian-clang, r-devel-linux-x86_64-debian-gcc, r-devel-linux-x86_64-fedora-clang, r-devel-linux-x86_64-fedora-gcc, r-devel-windows-x86_64, r-patched-linux-x86_64, r-release-linux-x86_64, r-release-macos-arm64, r-release-macos-x86_64, r-release-windows-x86_64, r-oldrel-macos-arm64, r-oldrel-macos-x86_64, r-oldrel-windows-ix86+x86_64