CRAN Package Check Results for Package rnoaa

Last updated on 2022-01-18 10:17:27 CET.

Flavor Version Tinstall Tcheck Ttotal Status Flags
r-devel-linux-x86_64-debian-clang 1.3.8 13.65 105.87 119.52 OK
r-devel-linux-x86_64-debian-gcc 1.3.8 10.87 80.43 91.30 OK
r-devel-linux-x86_64-fedora-clang 1.3.8 143.12 NOTE
r-devel-linux-x86_64-fedora-gcc 1.3.8 128.84 OK
r-devel-windows-x86_64-new-UL 1.3.8 172.00 132.00 304.00 OK
r-devel-windows-x86_64-new-TK 1.3.8 OK
r-patched-linux-x86_64 1.3.8 14.39 101.34 115.73 OK
r-release-linux-x86_64 1.3.8 OK
r-release-macos-arm64 1.3.8 OK
r-release-macos-x86_64 1.3.8 OK
r-release-windows-ix86+x86_64 1.3.8 24.00 121.00 145.00 OK
r-oldrel-macos-x86_64 1.3.8 OK
r-oldrel-windows-ix86+x86_64 1.3.8 24.00 120.00 144.00 OK

Check Details

Version: 1.3.8
Check: Rd cross-references
Result: NOTE
    Undeclared package ‘rappdirs’ in Rd xrefs
Flavor: r-devel-linux-x86_64-fedora-clang