CRAN Package Check Results for Package rncl

Last updated on 2021-12-07 10:50:34 CET.

Flavor Version Tinstall Tcheck Ttotal Status Flags
r-devel-linux-x86_64-debian-clang 0.8.4 155.58 40.54 196.12 NOTE
r-devel-linux-x86_64-debian-gcc 0.8.4 155.74 31.67 187.41 NOTE
r-devel-linux-x86_64-fedora-clang 0.8.4 352.15 NOTE
r-devel-linux-x86_64-fedora-gcc 0.8.4 320.47 NOTE
r-devel-windows-x86_64-new-UL 0.8.4 214.00 107.00 321.00 NOTE
r-devel-windows-x86_64-new-TK 0.8.4 NOTE
r-devel-windows-x86_64-old 0.8.4 208.00 50.00 258.00 NOTE
r-patched-linux-x86_64 0.8.4 172.52 39.06 211.58 NOTE
r-release-linux-x86_64 0.8.4 167.39 38.95 206.34 NOTE
r-release-macos-arm64 0.8.4 NOTE
r-release-macos-x86_64 0.8.4 NOTE
r-release-windows-ix86+x86_64 0.8.4 314.00 81.00 395.00 NOTE
r-oldrel-macos-x86_64 0.8.4 NOTE
r-oldrel-windows-ix86+x86_64 0.8.4 422.00 79.00 501.00 OK

Check Details

Version: 0.8.4
Check: LazyData
Result: NOTE
     'LazyData' is specified without a 'data' directory
Flavors: r-devel-linux-x86_64-debian-clang, r-devel-linux-x86_64-debian-gcc, r-devel-linux-x86_64-fedora-clang, r-devel-linux-x86_64-fedora-gcc, r-devel-windows-x86_64-new-UL, r-devel-windows-x86_64-new-TK, r-devel-windows-x86_64-old, r-patched-linux-x86_64, r-release-linux-x86_64, r-release-macos-arm64, r-release-macos-x86_64, r-release-windows-ix86+x86_64

Version: 0.8.4
Check: installed package size
Result: NOTE
     installed size is 16.1Mb
     sub-directories of 1Mb or more:
     libs 15.9Mb
Flavors: r-devel-linux-x86_64-fedora-clang, r-release-macos-arm64, r-release-macos-x86_64, r-oldrel-macos-x86_64