CRAN Package Check Results for Package ripserr

Last updated on 2022-12-05 09:51:29 CET.

Flavor Version Tinstall Tcheck Ttotal Status Flags
r-devel-linux-x86_64-debian-clang 0.1.1 52.41 40.23 92.64 NOTE
r-devel-linux-x86_64-debian-gcc 0.1.1 37.58 32.45 70.03 NOTE
r-devel-linux-x86_64-fedora-clang 0.1.1 151.32 NOTE
r-devel-linux-x86_64-fedora-gcc 0.1.1 133.37 NOTE
r-devel-windows-x86_64 0.1.1 43.00 89.00 132.00 NOTE
r-patched-linux-x86_64 0.1.1 42.37 40.85 83.22 NOTE
r-release-linux-x86_64 0.1.1 42.41 40.69 83.10 NOTE
r-release-macos-arm64 0.1.1 32.00 NOTE
r-release-macos-x86_64 0.1.1 50.00 NOTE
r-release-windows-x86_64 0.1.1 179.00 94.00 273.00 NOTE
r-oldrel-macos-arm64 0.1.1 36.00 NOTE
r-oldrel-macos-x86_64 0.1.1 74.00 NOTE
r-oldrel-windows-ix86+x86_64 0.1.1 124.00 106.00 230.00 NOTE

Check Details

Version: 0.1.1
Check: LazyData
Result: NOTE
     'LazyData' is specified without a 'data' directory
Flavors: r-devel-linux-x86_64-debian-clang, r-devel-linux-x86_64-debian-gcc, r-devel-linux-x86_64-fedora-clang, r-devel-linux-x86_64-fedora-gcc, r-devel-windows-x86_64, r-patched-linux-x86_64, r-release-linux-x86_64, r-release-macos-arm64, r-release-macos-x86_64, r-release-windows-x86_64, r-oldrel-macos-arm64, r-oldrel-macos-x86_64, r-oldrel-windows-ix86+x86_64